Last updated on 2025-07-04 12:49:05 CEST.
Flavor | Version | Tinstall | Tcheck | Ttotal | Status | Flags |
---|---|---|---|---|---|---|
r-devel-linux-x86_64-debian-clang | 0.3.1 | 13.20 | 118.52 | 131.72 | OK | |
r-devel-linux-x86_64-debian-gcc | 0.3.1 | 10.69 | 84.47 | 95.16 | OK | |
r-devel-linux-x86_64-fedora-clang | 0.3.1 | 205.58 | OK | |||
r-devel-linux-x86_64-fedora-gcc | 0.3.1 | 194.44 | OK | |||
r-devel-windows-x86_64 | 0.3.1 | 14.00 | 107.00 | 121.00 | OK | |
r-patched-linux-x86_64 | 0.3.1 | 11.59 | 107.39 | 118.98 | OK | |
r-release-linux-x86_64 | 0.3.1 | 13.31 | 107.36 | 120.67 | OK | |
r-release-macos-arm64 | 0.3.1 | 56.00 | OK | |||
r-release-macos-x86_64 | 0.3.1 | 124.00 | OK | |||
r-release-windows-x86_64 | 0.3.1 | 14.00 | 109.00 | 123.00 | OK | |
r-oldrel-macos-arm64 | 0.3.1 | 53.00 | NOTE | |||
r-oldrel-macos-x86_64 | 0.3.1 | 91.00 | NOTE | |||
r-oldrel-windows-x86_64 | 0.3.1 | 18.00 | 149.00 | 167.00 | NOTE |
Version: 0.3.1
Check: package dependencies
Result: NOTE
Package suggested but not available for checking: ‘mlr3proba’
Flavors: r-oldrel-macos-arm64, r-oldrel-macos-x86_64, r-oldrel-windows-x86_64