Last updated on 2024-08-16 12:49:13 CEST.
Flavor | Version | Tinstall | Tcheck | Ttotal | Status | Flags |
---|---|---|---|---|---|---|
r-devel-linux-x86_64-debian-clang | 1.0.0 | 859.97 | 191.82 | 1051.79 | NOTE | |
r-devel-linux-x86_64-debian-gcc | 1.0.0 | 695.15 | 181.16 | 876.31 | NOTE | |
r-devel-linux-x86_64-fedora-clang | 1.0.0 | 1452.41 | NOTE | |||
r-devel-linux-x86_64-fedora-gcc | 1.0.0 | 2089.49 | NOTE | |||
r-devel-windows-x86_64 | 1.0.0 | 653.00 | 252.00 | 905.00 | NOTE | |
r-patched-linux-x86_64 | 1.0.0 | 881.73 | 244.40 | 1126.13 | NOTE | |
r-release-linux-x86_64 | 1.0.0 | 897.81 | 247.44 | 1145.25 | NOTE | |
r-release-macos-arm64 | 1.0.0 | 395.00 | NOTE | |||
r-release-macos-x86_64 | 1.0.0 | 498.00 | NOTE | |||
r-release-windows-x86_64 | 1.0.0 | 666.00 | 251.00 | 917.00 | NOTE | |
r-oldrel-macos-arm64 | 1.0.0 | 379.00 | ERROR | |||
r-oldrel-macos-x86_64 | 1.0.0 | 462.00 | ERROR | |||
r-oldrel-windows-x86_64 | 1.0.0 | 913.00 | 324.00 | 1237.00 | NOTE |
Version: 1.0.0
Check: for GNU extensions in Makefiles
Result: NOTE
GNU make is a SystemRequirements.
Flavors: r-devel-linux-x86_64-debian-clang, r-devel-linux-x86_64-debian-gcc, r-devel-linux-x86_64-fedora-clang, r-devel-linux-x86_64-fedora-gcc, r-devel-windows-x86_64, r-patched-linux-x86_64, r-release-linux-x86_64, r-release-macos-arm64, r-release-macos-x86_64, r-release-windows-x86_64, r-oldrel-macos-arm64, r-oldrel-macos-x86_64, r-oldrel-windows-x86_64
Version: 1.0.0
Check: installed package size
Result: NOTE
installed size is 11.7Mb
sub-directories of 1Mb or more:
doc 1.2Mb
libs 9.6Mb
Flavors: r-devel-linux-x86_64-fedora-clang, r-devel-windows-x86_64, r-release-macos-arm64, r-release-macos-x86_64, r-release-windows-x86_64, r-oldrel-macos-arm64, r-oldrel-macos-x86_64, r-oldrel-windows-x86_64
Version: 1.0.0
Check: running R code from vignettes
Result: ERROR
Errors in running code in vignettes:
when running code in ‘manifest_ar.Rmd’
...
attr(,"class")
[1] "knit_image_paths" "knit_asis"
> load("../data/ar1_data.rda")
Warning in readChar(con, 5L, useBytes = TRUE) :
cannot open compressed file '../data/ar1_data.rda', probable reason 'No such file or directory'
When sourcing ‘manifest_ar.R’:
Error: cannot open the connection
Execution halted
‘betw_predictors.Rmd’ using ‘UTF-8’... [2s/2s] OK
‘manifest_ar.Rmd’ using ‘UTF-8’... failed
‘manifest_var.Rmd’ using ‘UTF-8’... [2s/2s] OK
Flavor: r-oldrel-macos-arm64
Version: 1.0.0
Check: running R code from vignettes
Result: ERROR
Errors in running code in vignettes:
when running code in ‘manifest_ar.Rmd’
...
attr(,"class")
[1] "knit_image_paths" "knit_asis"
> load("../data/ar1_data.rda")
Warning in readChar(con, 5L, useBytes = TRUE) :
cannot open compressed file '../data/ar1_data.rda', probable reason 'No such file or directory'
When sourcing ‘manifest_ar.R’:
Error: cannot open the connection
Execution halted
‘betw_predictors.Rmd’ using ‘UTF-8’... [3s/3s] OK
‘manifest_ar.Rmd’ using ‘UTF-8’... failed
‘manifest_var.Rmd’ using ‘UTF-8’... [3s/3s] OK
Flavor: r-oldrel-macos-x86_64