Last updated on 2024-08-16 12:49:13 CEST.
Flavor | Version | Tinstall | Tcheck | Ttotal | Status | Flags |
---|---|---|---|---|---|---|
r-devel-linux-x86_64-debian-clang | 0.3.1 | 24.59 | 171.40 | 195.99 | NOTE | |
r-devel-linux-x86_64-debian-gcc | 0.3.1 | 16.56 | 124.54 | 141.10 | NOTE | |
r-devel-linux-x86_64-fedora-clang | 0.3.1 | 318.60 | OK | |||
r-devel-linux-x86_64-fedora-gcc | 0.3.1 | 317.68 | OK | |||
r-devel-windows-x86_64 | 0.3.1 | 26.00 | 184.00 | 210.00 | NOTE | |
r-patched-linux-x86_64 | 0.3.1 | 27.33 | 165.08 | 192.41 | OK | |
r-release-linux-x86_64 | 0.3.1 | 23.25 | 165.26 | 188.51 | OK | |
r-release-macos-arm64 | 0.3.1 | 114.00 | OK | |||
r-release-macos-x86_64 | 0.3.1 | 178.00 | OK | |||
r-release-windows-x86_64 | 0.3.1 | 27.00 | 180.00 | 207.00 | OK | |
r-oldrel-macos-arm64 | 0.3.1 | 107.00 | OK | |||
r-oldrel-macos-x86_64 | 0.3.1 | 204.00 | OK | |||
r-oldrel-windows-x86_64 | 0.3.1 | 35.00 | 237.00 | 272.00 | OK |
Version: 0.3.1
Check: Rd cross-references
Result: NOTE
Found the following Rd file(s) with Rd \link{} targets missing package
anchors:
rare_curve.Rd: vegan
sample_quadrats.Rd: vegan
sim_sad.Rd: sads
spec_sample.Rd: vegan
Please provide package anchors for all Rd \link{} targets not in the
package itself and the base packages.
Flavors: r-devel-linux-x86_64-debian-clang, r-devel-linux-x86_64-debian-gcc, r-devel-windows-x86_64