Last updated on 2024-08-16 12:49:13 CEST.
Flavor | Version | Tinstall | Tcheck | Ttotal | Status | Flags |
---|---|---|---|---|---|---|
r-devel-linux-x86_64-debian-clang | 0.6.1 | 8.89 | 95.97 | 104.86 | OK | |
r-devel-linux-x86_64-debian-gcc | 0.6.1 | 5.78 | 68.69 | 74.47 | OK | |
r-devel-linux-x86_64-fedora-clang | 0.6.1 | 169.22 | NOTE | |||
r-devel-linux-x86_64-fedora-gcc | 0.6.1 | 171.13 | NOTE | |||
r-devel-windows-x86_64 | 0.6.1 | 11.00 | 111.00 | 122.00 | OK | |
r-patched-linux-x86_64 | 0.6.1 | 8.94 | 90.34 | 99.28 | OK | |
r-release-linux-x86_64 | 0.6.1 | 8.23 | 91.48 | 99.71 | OK | |
r-release-macos-arm64 | 0.6.1 | 64.00 | OK | |||
r-release-macos-x86_64 | 0.6.1 | 119.00 | OK | |||
r-release-windows-x86_64 | 0.6.1 | 10.00 | 111.00 | 121.00 | OK | |
r-oldrel-macos-arm64 | 0.6.1 | 73.00 | OK | |||
r-oldrel-macos-x86_64 | 0.6.1 | 150.00 | OK | |||
r-oldrel-windows-x86_64 | 0.6.1 | 14.00 | 134.00 | 148.00 | OK |
Version: 0.6.1
Check: data for non-ASCII characters
Result: NOTE
Note: found 5238 marked UTF-8 strings
Flavors: r-devel-linux-x86_64-fedora-clang, r-devel-linux-x86_64-fedora-gcc