Last updated on 2025-07-08 13:49:14 CEST.
Flavor | Version | Tinstall | Tcheck | Ttotal | Status | Flags |
---|---|---|---|---|---|---|
r-devel-linux-x86_64-debian-clang | 0.6.4 | 64.72 | 107.62 | 172.34 | OK | |
r-devel-linux-x86_64-debian-gcc | 0.6.4 | 43.82 | 74.02 | 117.84 | OK | |
r-devel-linux-x86_64-fedora-clang | 0.6.4 | 299.00 | OK | |||
r-devel-linux-x86_64-fedora-gcc | 0.6.4 | 293.10 | OK | |||
r-devel-windows-x86_64 | 0.6.4 | 74.00 | 138.00 | 212.00 | OK | |
r-patched-linux-x86_64 | 0.6.4 | 65.13 | 96.24 | 161.37 | OK | |
r-release-linux-x86_64 | 0.6.4 | 61.90 | 99.05 | 160.95 | OK | |
r-release-macos-arm64 | 0.6.4 | 104.00 | OK | |||
r-release-macos-x86_64 | 0.6.4 | 158.00 | OK | |||
r-release-windows-x86_64 | 0.6.4 | 73.00 | 140.00 | 213.00 | OK | |
r-oldrel-macos-arm64 | 0.6.4 | 74.00 | NOTE | |||
r-oldrel-macos-x86_64 | 0.6.4 | 103.00 | NOTE | |||
r-oldrel-windows-x86_64 | 0.6.4 | 87.00 | 176.00 | 263.00 | OK |
Version: 0.6.4
Check: installed package size
Result: NOTE
installed size is 6.2Mb
sub-directories of 1Mb or more:
libs 3.0Mb
raster 2.2Mb
Flavors: r-oldrel-macos-arm64, r-oldrel-macos-x86_64