Last updated on 2024-08-16 12:49:14 CEST.
Flavor | Version | Tinstall | Tcheck | Ttotal | Status | Flags |
---|---|---|---|---|---|---|
r-devel-linux-x86_64-debian-clang | 0.2.1 | 6.71 | 85.78 | 92.49 | NOTE | |
r-devel-linux-x86_64-debian-gcc | 0.2.1 | 4.48 | 62.21 | 66.69 | NOTE | |
r-devel-linux-x86_64-fedora-clang | 0.2.1 | 155.48 | NOTE | |||
r-devel-linux-x86_64-fedora-gcc | 0.2.1 | 155.51 | OK | |||
r-devel-windows-x86_64 | 0.2.1 | 9.00 | 115.00 | 124.00 | NOTE | |
r-patched-linux-x86_64 | 0.2.1 | 12.25 | 82.22 | 94.47 | OK | |
r-release-linux-x86_64 | 0.2.1 | 6.30 | 81.75 | 88.05 | OK | |
r-release-macos-arm64 | 0.2.1 | 54.00 | OK | |||
r-release-macos-x86_64 | 0.2.1 | 81.00 | OK | |||
r-release-windows-x86_64 | 0.2.1 | 8.00 | 114.00 | 122.00 | OK | |
r-oldrel-macos-arm64 | 0.2.1 | 57.00 | OK | |||
r-oldrel-macos-x86_64 | 0.2.1 | 76.00 | OK | |||
r-oldrel-windows-x86_64 | 0.2.1 | 10.00 | 134.00 | 144.00 | OK |
Version: 0.2.1
Check: Rd cross-references
Result: NOTE
Found the following Rd file(s) with Rd \link{} targets missing package
anchors:
parallel_mrgsim_d.Rd: mrgsim_d, future_lapply
parallel_mrgsim_ei.Rd: mrgsim_d, future_lapply
Please provide package anchors for all Rd \link{} targets not in the
package itself and the base packages.
Flavors: r-devel-linux-x86_64-debian-clang, r-devel-linux-x86_64-debian-gcc, r-devel-windows-x86_64
Version: 0.2.1
Check: Rd cross-references
Result: NOTE
Undeclared package ‘processx’ in Rd xrefs
Flavor: r-devel-linux-x86_64-fedora-clang