Last updated on 2025-11-09 00:49:35 CET.
| Flavor | Version | Tinstall | Tcheck | Ttotal | Status | Flags |
|---|---|---|---|---|---|---|
| r-devel-linux-x86_64-debian-clang | 2.1.1 | 170.22 | 74.02 | 244.24 | OK | |
| r-devel-linux-x86_64-debian-gcc | 2.1.2 | 121.56 | 49.35 | 170.91 | OK | |
| r-devel-linux-x86_64-fedora-clang | 2.1.2 | 168.00 | 177.66 | 345.66 | OK | |
| r-devel-linux-x86_64-fedora-gcc | 2.1.2 | 780.00 | -332.44 | 447.56 | OK | |
| r-devel-windows-x86_64 | 2.1.1 | 153.00 | 100.00 | 253.00 | OK | |
| r-patched-linux-x86_64 | 2.1.1 | 152.35 | 69.13 | 221.48 | OK | |
| r-release-linux-x86_64 | 2.1.2 | 159.13 | 67.82 | 226.95 | OK | |
| r-release-macos-arm64 | 2.1.2 | 62.00 | 33.00 | 95.00 | OK | |
| r-release-macos-x86_64 | 2.1.2 | 79.00 | 47.00 | 126.00 | OK | |
| r-release-windows-x86_64 | 2.1.2 | 140.00 | 102.00 | 242.00 | OK | |
| r-oldrel-macos-arm64 | 2.1.2 | 66.00 | 39.00 | 105.00 | NOTE | |
| r-oldrel-macos-x86_64 | 2.1.2 | 90.00 | 66.00 | 156.00 | NOTE | |
| r-oldrel-windows-x86_64 | 2.1.2 | 124.00 | 131.00 | 255.00 | OK |
Version: 2.1.2
Check: installed package size
Result: NOTE
installed size is 16.6Mb
sub-directories of 1Mb or more:
libs 15.6Mb
Flavors: r-oldrel-macos-arm64, r-oldrel-macos-x86_64