Last updated on 2024-08-16 12:49:14 CEST.
Flavor | Version | Tinstall | Tcheck | Ttotal | Status | Flags |
---|---|---|---|---|---|---|
r-devel-linux-x86_64-debian-clang | 1.3.0.2 | 37.75 | 244.68 | 282.43 | NOTE | |
r-devel-linux-x86_64-debian-gcc | 1.3.0.2 | 29.04 | 181.01 | 210.05 | NOTE | |
r-devel-linux-x86_64-fedora-clang | 1.3.0.2 | 466.54 | NOTE | |||
r-devel-linux-x86_64-fedora-gcc | 1.3.0.2 | 434.75 | NOTE | |||
r-devel-windows-x86_64 | 1.3.0.2 | 30.00 | 226.00 | 256.00 | NOTE | |
r-patched-linux-x86_64 | 1.3.0.2 | 38.12 | 234.19 | 272.31 | NOTE | |
r-release-linux-x86_64 | 1.3.0.2 | 38.29 | 238.01 | 276.30 | NOTE | |
r-release-macos-arm64 | 1.3.0.2 | 126.00 | NOTE | |||
r-release-macos-x86_64 | 1.3.0.2 | 295.00 | NOTE | |||
r-release-windows-x86_64 | 1.3.0.2 | 32.00 | 221.00 | 253.00 | NOTE | |
r-oldrel-macos-arm64 | 1.3.0.2 | 250.00 | NOTE | |||
r-oldrel-macos-x86_64 | 1.3.0.2 | 327.00 | NOTE | |||
r-oldrel-windows-x86_64 | 1.3.0.2 | 42.00 | 285.00 | 327.00 | NOTE |
Version: 1.3.0.2
Check: package dependencies
Result: NOTE
Package suggested but not available for checking: ‘cmdstanr’
Flavors: r-devel-linux-x86_64-debian-clang, r-devel-linux-x86_64-debian-gcc, r-devel-linux-x86_64-fedora-clang, r-devel-linux-x86_64-fedora-gcc, r-devel-windows-x86_64, r-patched-linux-x86_64, r-release-linux-x86_64, r-release-macos-arm64, r-release-macos-x86_64, r-release-windows-x86_64, r-oldrel-macos-arm64, r-oldrel-macos-x86_64, r-oldrel-windows-x86_64
Version: 1.3.0.2
Check: installed package size
Result: NOTE
installed size is 8.0Mb
sub-directories of 1Mb or more:
data 1.0Mb
doc 6.4Mb
Flavors: r-devel-linux-x86_64-fedora-clang, r-devel-windows-x86_64, r-release-macos-arm64, r-release-macos-x86_64, r-release-windows-x86_64, r-oldrel-macos-arm64, r-oldrel-macos-x86_64, r-oldrel-windows-x86_64
Version: 1.3.0.2
Check: Rd cross-references
Result: NOTE
Undeclared package ‘gtable’ in Rd xrefs
Flavor: r-devel-linux-x86_64-fedora-clang