Last updated on 2024-07-18 01:55:37 CEST.
Flavor | Version | Tinstall | Tcheck | Ttotal | Status | Flags |
---|---|---|---|---|---|---|
r-devel-linux-x86_64-debian-clang | 1.0-6 | 20.12 | 92.56 | 112.68 | OK | |
r-devel-linux-x86_64-debian-gcc | 1.0-6 | 13.53 | 63.55 | 77.08 | OK | |
r-devel-linux-x86_64-fedora-clang | 1.0-6 | 131.46 | OK | |||
r-devel-linux-x86_64-fedora-gcc | 1.0-6 | 123.75 | OK | |||
r-devel-windows-x86_64 | 1.0-6 | 16.00 | 78.00 | 94.00 | NOTE | |
r-patched-linux-x86_64 | 1.0-6 | 19.25 | 87.06 | 106.31 | OK | |
r-release-linux-x86_64 | 1.0-6 | 18.00 | 84.27 | 102.27 | OK | |
r-release-macos-arm64 | 1.0-6 | 31.00 | OK | |||
r-release-macos-x86_64 | 1.0-6 | 56.00 | OK | |||
r-release-windows-x86_64 | 1.0-6 | 15.00 | 76.00 | 91.00 | OK | |
r-oldrel-macos-arm64 | 1.0-6 | 35.00 | OK | |||
r-oldrel-macos-x86_64 | 1.0-6 | 57.00 | OK | |||
r-oldrel-windows-x86_64 | 1.0-6 | 18.00 | 93.00 | 111.00 | OK |
Version: 1.0-6
Check: Rd cross-references
Result: NOTE
Found the following Rd file(s) with Rd \link{} targets missing package
anchors:
const.control.Rd: const
indscal.Rd: const, cmls
mcr.Rd: const, cmls
parafac.Rd: const, cmls
parafac2.Rd: const, cmls
Please provide package anchors for all Rd \link{} targets not in the
package itself and the base packages.
Flavor: r-devel-windows-x86_64