Last updated on 2024-07-18 01:55:37 CEST.
Flavor | Version | Tinstall | Tcheck | Ttotal | Status | Flags |
---|---|---|---|---|---|---|
r-devel-linux-x86_64-debian-clang | 1.0.3 | 5.87 | 62.40 | 68.27 | OK | |
r-devel-linux-x86_64-debian-gcc | 1.0.3 | 3.42 | 42.46 | 45.88 | OK | |
r-devel-linux-x86_64-fedora-clang | 1.0.3 | 84.82 | NOTE | |||
r-devel-linux-x86_64-fedora-gcc | 1.0.3 | 75.43 | OK | |||
r-devel-windows-x86_64 | 1.0.3 | 5.00 | 72.00 | 77.00 | OK | |
r-patched-linux-x86_64 | 1.0.3 | 6.13 | 59.69 | 65.82 | OK | |
r-release-linux-x86_64 | 1.0.3 | 4.11 | 56.60 | 60.71 | OK | |
r-release-macos-arm64 | 1.0.3 | 24.00 | OK | |||
r-release-macos-x86_64 | 1.0.3 | 38.00 | OK | |||
r-release-windows-x86_64 | 1.0.3 | 5.00 | 73.00 | 78.00 | OK | |
r-oldrel-macos-arm64 | 1.0.3 | 28.00 | OK | |||
r-oldrel-macos-x86_64 | 1.0.3 | 42.00 | OK | |||
r-oldrel-windows-x86_64 | 1.0.3 | 7.00 | 84.00 | 91.00 | OK |
Version: 1.0.3
Check: Rd cross-references
Result: NOTE
Undeclared package ‘dosresmeta’ in Rd xrefs
Flavor: r-devel-linux-x86_64-fedora-clang