Last updated on 2024-07-18 01:55:37 CEST.
Flavor | Version | Tinstall | Tcheck | Ttotal | Status | Flags |
---|---|---|---|---|---|---|
r-devel-linux-x86_64-debian-clang | 0.4.4 | 9.53 | 65.23 | 74.76 | OK | |
r-devel-linux-x86_64-debian-gcc | 0.4.4 | 7.40 | 48.71 | 56.11 | OK | |
r-devel-linux-x86_64-fedora-clang | 0.4.4 | 94.71 | OK | |||
r-devel-linux-x86_64-fedora-gcc | 0.4.4 | 92.77 | OK | |||
r-devel-windows-x86_64 | 0.4.4 | 6.00 | 62.00 | 68.00 | NOTE | |
r-patched-linux-x86_64 | 0.4.4 | 12.37 | 64.53 | 76.90 | OK | |
r-release-linux-x86_64 | 0.4.4 | 8.72 | 64.68 | 73.40 | OK | |
r-release-macos-arm64 | 0.4.4 | 42.00 | OK | |||
r-release-macos-x86_64 | 0.4.4 | 51.00 | OK | |||
r-release-windows-x86_64 | 0.4.4 | 8.00 | 63.00 | 71.00 | OK | |
r-oldrel-macos-arm64 | 0.4.4 | 33.00 | OK | |||
r-oldrel-macos-x86_64 | 0.4.4 | 48.00 | OK | |||
r-oldrel-windows-x86_64 | 0.4.4 | 8.00 | 67.00 | 75.00 | OK |
Version: 0.4.4
Check: Rd cross-references
Result: NOTE
Found the following Rd file(s) with Rd \link{} targets missing package
anchors:
matchedwake.Rd: cem, att, glm.nb
slideWakeMatch.Rd: cem, att, glm.nb
Please provide package anchors for all Rd \link{} targets not in the
package itself and the base packages.
Flavor: r-devel-windows-x86_64