Last updated on 2024-08-16 12:49:14 CEST.
Flavor | Version | Tinstall | Tcheck | Ttotal | Status | Flags |
---|---|---|---|---|---|---|
r-devel-linux-x86_64-debian-clang | 1.0.3 | 11.76 | 153.16 | 164.92 | OK | |
r-devel-linux-x86_64-debian-gcc | 1.0.3 | 8.66 | 112.32 | 120.98 | OK | |
r-devel-linux-x86_64-fedora-clang | 1.0.3 | 280.32 | NOTE | |||
r-devel-linux-x86_64-fedora-gcc | 1.0.3 | 275.33 | NOTE | |||
r-devel-windows-x86_64 | 1.0.3 | 11.00 | 202.00 | 213.00 | OK | |
r-patched-linux-x86_64 | 1.0.3 | 10.29 | 141.25 | 151.54 | OK | |
r-release-linux-x86_64 | 1.0.3 | 11.19 | 145.86 | 157.05 | OK | |
r-release-macos-arm64 | 1.0.3 | 89.00 | OK | |||
r-release-macos-x86_64 | 1.0.3 | 126.00 | OK | |||
r-release-windows-x86_64 | 1.0.3 | 13.00 | 204.00 | 217.00 | OK | |
r-oldrel-macos-arm64 | 1.0.3 | 95.00 | OK | |||
r-oldrel-macos-x86_64 | 1.0.3 | 216.00 | OK | |||
r-oldrel-windows-x86_64 | 1.0.3 | 17.00 | 213.00 | 230.00 | OK |
Version: 1.0.3
Check: dependencies in R code
Result: NOTE
Namespaces in Imports field not imported from:
‘e1071’ ‘glue’
All declared Imports should be used.
Flavors: r-devel-linux-x86_64-fedora-clang, r-devel-linux-x86_64-fedora-gcc