Last updated on 2024-08-16 12:49:14 CEST.
Flavor | Version | Tinstall | Tcheck | Ttotal | Status | Flags |
---|---|---|---|---|---|---|
r-devel-linux-x86_64-debian-clang | 0.1.1 | 3.20 | 26.72 | 29.92 | NOTE | |
r-devel-linux-x86_64-debian-gcc | 0.1.1 | 2.30 | 20.49 | 22.79 | NOTE | |
r-devel-linux-x86_64-fedora-clang | 0.1.1 | 48.03 | NOTE | |||
r-devel-linux-x86_64-fedora-gcc | 0.1.1 | 44.36 | NOTE | |||
r-devel-windows-x86_64 | 0.1.1 | 4.00 | 54.00 | 58.00 | NOTE | |
r-patched-linux-x86_64 | 0.1.1 | 3.20 | 25.43 | 28.63 | NOTE | |
r-release-linux-x86_64 | 0.1.1 | 3.07 | 25.69 | 28.76 | NOTE | |
r-release-macos-arm64 | 0.1.1 | 37.00 | NOTE | |||
r-release-macos-x86_64 | 0.1.1 | 47.00 | NOTE | |||
r-release-windows-x86_64 | 0.1.1 | 5.00 | 47.00 | 52.00 | NOTE | |
r-oldrel-macos-arm64 | 0.1.1 | 24.00 | NOTE | |||
r-oldrel-macos-x86_64 | 0.1.1 | 33.00 | NOTE | |||
r-oldrel-windows-x86_64 | 0.1.1 | 5.00 | 58.00 | 63.00 | NOTE |
Version: 0.1.1
Check: LazyData
Result: NOTE
'LazyData' is specified without a 'data' directory
Flavors: r-devel-linux-x86_64-debian-clang, r-devel-linux-x86_64-debian-gcc, r-devel-linux-x86_64-fedora-clang, r-devel-linux-x86_64-fedora-gcc, r-devel-windows-x86_64, r-patched-linux-x86_64, r-release-linux-x86_64, r-release-macos-arm64, r-release-macos-x86_64, r-release-windows-x86_64, r-oldrel-macos-arm64, r-oldrel-macos-x86_64, r-oldrel-windows-x86_64
Version: 0.1.1
Check: dependencies in R code
Result: NOTE
Namespace in Imports field not imported from: ‘rjson’
All declared Imports should be used.
Flavors: r-devel-linux-x86_64-fedora-clang, r-devel-linux-x86_64-fedora-gcc