Last updated on 2024-08-16 12:49:14 CEST.
Flavor | Version | Tinstall | Tcheck | Ttotal | Status | Flags |
---|---|---|---|---|---|---|
r-devel-linux-x86_64-debian-clang | 0.1 | 49.59 | 67.25 | 116.84 | NOTE | |
r-devel-linux-x86_64-debian-gcc | 0.1 | 41.33 | 48.97 | 90.30 | NOTE | |
r-devel-linux-x86_64-fedora-clang | 0.1 | 185.80 | NOTE | |||
r-devel-linux-x86_64-fedora-gcc | 0.1 | 222.57 | NOTE | |||
r-devel-windows-x86_64 | 0.1 | 53.00 | 106.00 | 159.00 | NOTE | |
r-patched-linux-x86_64 | 0.1 | 52.11 | 62.85 | 114.96 | NOTE | |
r-release-linux-x86_64 | 0.1 | 52.23 | 64.60 | 116.83 | NOTE | |
r-release-macos-arm64 | 0.1 | 57.00 | NOTE | |||
r-release-macos-x86_64 | 0.1 | 103.00 | NOTE | |||
r-release-windows-x86_64 | 0.1 | 54.00 | 108.00 | 162.00 | NOTE | |
r-oldrel-macos-arm64 | 0.1 | 68.00 | NOTE | |||
r-oldrel-macos-x86_64 | 0.1 | 111.00 | NOTE | |||
r-oldrel-windows-x86_64 | 0.1 | 65.00 | 125.00 | 190.00 | NOTE |
Version: 0.1
Check: C++ specification
Result: NOTE
Specified C++11: please drop specification unless essential
Flavors: r-devel-linux-x86_64-debian-clang, r-devel-linux-x86_64-debian-gcc, r-devel-linux-x86_64-fedora-clang, r-devel-linux-x86_64-fedora-gcc, r-devel-windows-x86_64, r-patched-linux-x86_64, r-release-linux-x86_64, r-release-macos-arm64, r-release-macos-x86_64, r-release-windows-x86_64, r-oldrel-macos-arm64, r-oldrel-macos-x86_64, r-oldrel-windows-x86_64
Version: 0.1
Check: dependencies in R code
Result: NOTE
Namespaces in Imports field not imported from:
‘glmnet’ ‘rrpack’
All declared Imports should be used.
Flavors: r-devel-linux-x86_64-fedora-clang, r-devel-linux-x86_64-fedora-gcc
Version: 0.1
Check: installed package size
Result: NOTE
installed size is 6.8Mb
sub-directories of 1Mb or more:
libs 6.4Mb
Flavors: r-release-macos-arm64, r-release-macos-x86_64, r-oldrel-macos-arm64, r-oldrel-macos-x86_64