Last updated on 2024-08-16 12:49:14 CEST.
Flavor | Version | Tinstall | Tcheck | Ttotal | Status | Flags |
---|---|---|---|---|---|---|
r-devel-linux-x86_64-debian-clang | 1.2.3 | 105.90 | 111.17 | 217.07 | OK | |
r-devel-linux-x86_64-debian-gcc | 1.2.3 | 71.00 | 80.15 | 151.15 | OK | |
r-devel-linux-x86_64-fedora-clang | 1.2.3 | 405.40 | OK | |||
r-devel-linux-x86_64-fedora-gcc | 1.2.3 | 405.66 | OK | |||
r-devel-windows-x86_64 | 1.2.3 | 112.00 | 152.00 | 264.00 | OK | |
r-patched-linux-x86_64 | 1.2.3 | 107.66 | 104.08 | 211.74 | OK | |
r-release-linux-x86_64 | 1.2.3 | 102.75 | 105.23 | 207.98 | OK | |
r-release-macos-arm64 | 1.2.3 | 105.00 | NOTE | |||
r-release-macos-x86_64 | 1.2.3 | 123.00 | NOTE | |||
r-release-windows-x86_64 | 1.2.3 | 113.00 | 150.00 | 263.00 | OK | |
r-oldrel-macos-arm64 | 1.2.3 | 113.00 | NOTE | |||
r-oldrel-macos-x86_64 | 1.2.3 | 202.00 | NOTE | |||
r-oldrel-windows-x86_64 | 1.2.3 | 131.00 | 185.00 | 316.00 | OK |
Version: 1.2.3
Check: installed package size
Result: NOTE
installed size is 6.7Mb
sub-directories of 1Mb or more:
doc 1.6Mb
libs 4.9Mb
Flavors: r-release-macos-arm64, r-release-macos-x86_64, r-oldrel-macos-arm64, r-oldrel-macos-x86_64