Last updated on 2025-11-14 00:50:52 CET.
| Flavor | Version | Tinstall | Tcheck | Ttotal | Status | Flags |
|---|---|---|---|---|---|---|
| r-devel-linux-x86_64-debian-clang | 1.0.0 | 4.35 | 55.89 | 60.24 | OK | |
| r-devel-linux-x86_64-debian-gcc | 1.0.0 | 3.75 | 41.70 | 45.45 | OK | |
| r-devel-linux-x86_64-fedora-clang | 1.0.0 | 10.00 | 80.32 | 90.32 | OK | |
| r-devel-linux-x86_64-fedora-gcc | 1.0.0 | 12.00 | 75.56 | 87.56 | OK | |
| r-devel-windows-x86_64 | 1.0.0 | 7.00 | 70.00 | 77.00 | OK | |
| r-patched-linux-x86_64 | 1.0.0 | 4.53 | 52.18 | 56.71 | OK | |
| r-release-linux-x86_64 | 1.0.0 | 4.69 | 52.11 | 56.80 | OK | |
| r-release-macos-arm64 | 1.0.0 | 2.00 | 21.00 | 23.00 | OK | |
| r-release-macos-x86_64 | 1.0.0 | 4.00 | 35.00 | 39.00 | OK | |
| r-release-windows-x86_64 | 1.0.0 | 7.00 | 71.00 | 78.00 | OK | |
| r-oldrel-macos-arm64 | 1.0.0 | 2.00 | 23.00 | 25.00 | NOTE | |
| r-oldrel-macos-x86_64 | 1.0.0 | 3.00 | 32.00 | 35.00 | NOTE | |
| r-oldrel-windows-x86_64 | 1.0.0 | 9.00 | 89.00 | 98.00 | NOTE |
Version: 1.0.0
Check: LazyData
Result: NOTE
'LazyData' is specified without a 'data' directory
Flavors: r-oldrel-macos-arm64, r-oldrel-macos-x86_64, r-oldrel-windows-x86_64