Last updated on 2024-07-18 01:55:38 CEST.
Flavor | Version | Tinstall | Tcheck | Ttotal | Status | Flags |
---|---|---|---|---|---|---|
r-devel-linux-x86_64-debian-clang | 1.1 | 15.24 | 106.44 | 121.68 | NOTE | |
r-devel-linux-x86_64-debian-gcc | 1.1 | 9.85 | 77.16 | 87.01 | NOTE | |
r-devel-linux-x86_64-fedora-clang | 1.1 | 143.06 | NOTE | |||
r-devel-linux-x86_64-fedora-gcc | 1.1 | 133.44 | NOTE | |||
r-devel-windows-x86_64 | 1.1 | 11.00 | 93.00 | 104.00 | NOTE | |
r-patched-linux-x86_64 | 1.1 | 8.30 | 98.30 | 106.60 | NOTE | |
r-release-linux-x86_64 | 1.1 | 11.09 | 101.17 | 112.26 | NOTE | |
r-release-macos-arm64 | 1.1 | 41.00 | NOTE | |||
r-release-macos-x86_64 | 1.1 | 59.00 | NOTE | |||
r-release-windows-x86_64 | 1.1 | 11.00 | 91.00 | 102.00 | NOTE | |
r-oldrel-macos-arm64 | 1.1 | 43.00 | OK | |||
r-oldrel-macos-x86_64 | 1.1 | 73.00 | OK | |||
r-oldrel-windows-x86_64 | 1.1 | 14.00 | 106.00 | 120.00 | OK |
Version: 1.1
Check: Rd files
Result: NOTE
checkRd: (-1) ROCbands.Rd:56: Lost braces in \itemize; meant \describe ?
checkRd: (-1) ROCbands.Rd:64: Lost braces in \itemize; meant \describe ?
checkRd: (-1) ROCbands.Rd:72: Lost braces in \itemize; meant \describe ?
checkRd: (-1) cdROC.Rd:62: Lost braces in \itemize; meant \describe ?
checkRd: (-1) cdROC.Rd:68: Lost braces in \itemize; meant \describe ?
checkRd: (-1) cdROC.Rd:72: Lost braces in \itemize; meant \describe ?
checkRd: (-1) cdROC.Rd:78: Lost braces in \itemize; meant \describe ?
checkRd: (-1) cdROC.Rd:82: Lost braces in \itemize; meant \describe ?
checkRd: (-1) checkROC.Rd:26: Lost braces in \itemize; meant \describe ?
checkRd: (-1) checkROC.Rd:27: Lost braces in \itemize; meant \describe ?
checkRd: (-1) checkROC.Rd:28: Lost braces in \itemize; meant \describe ?
checkRd: (-1) checkROC.Rd:29: Lost braces in \itemize; meant \describe ?
checkRd: (-1) checkROC.Rd:30: Lost braces in \itemize; meant \describe ?
checkRd: (-1) compareROCdep.Rd:91: Lost braces in \itemize; meant \describe ?
checkRd: (-1) compareROCdep.Rd:95: Lost braces in \itemize; meant \describe ?
checkRd: (-1) compareROCdep.Rd:99: Lost braces in \itemize; meant \describe ?
checkRd: (-1) compareROCdep.Rd:103: Lost braces in \itemize; meant \describe ?
checkRd: (-1) compareROCindep.Rd:88: Lost braces in \itemize; meant \describe ?
checkRd: (-1) compareROCindep.Rd:94: Lost braces in \itemize; meant \describe ?
checkRd: (-1) compareROCindep.Rd:100: Lost braces in \itemize; meant \describe ?
checkRd: (-1) metaROC.Rd:23: Lost braces in \itemize; meant \describe ?
checkRd: (-1) metaROC.Rd:24: Lost braces in \itemize; meant \describe ?
checkRd: (-1) metaROC.Rd:25: Lost braces in \itemize; meant \describe ?
checkRd: (-1) metaROC.Rd:26: Lost braces in \itemize; meant \describe ?
checkRd: (-1) metaROC.Rd:27: Lost braces in \itemize; meant \describe ?
checkRd: (-1) metaROC.Rd:77: Lost braces in \itemize; \value handles \item{}{} directly
checkRd: (-1) metaROC.Rd:78: Lost braces in \itemize; \value handles \item{}{} directly
checkRd: (-1) metaROC.Rd:79: Lost braces in \itemize; \value handles \item{}{} directly
checkRd: (-1) metaROC.Rd:80: Lost braces in \itemize; \value handles \item{}{} directly
Flavors: r-devel-linux-x86_64-debian-clang, r-devel-linux-x86_64-debian-gcc, r-devel-linux-x86_64-fedora-clang, r-devel-linux-x86_64-fedora-gcc, r-devel-windows-x86_64, r-patched-linux-x86_64, r-release-linux-x86_64, r-release-macos-arm64, r-release-macos-x86_64, r-release-windows-x86_64