Last updated on 2024-08-16 12:49:15 CEST.
Flavor | Version | Tinstall | Tcheck | Ttotal | Status | Flags |
---|---|---|---|---|---|---|
r-devel-linux-x86_64-debian-clang | 0.5.7 | 10.32 | 107.68 | 118.00 | OK | |
r-devel-linux-x86_64-debian-gcc | 0.5.7 | 6.52 | 79.43 | 85.95 | OK | |
r-devel-linux-x86_64-fedora-clang | 0.5.7 | 200.38 | NOTE | |||
r-devel-linux-x86_64-fedora-gcc | 0.5.7 | 202.24 | NOTE | |||
r-devel-windows-x86_64 | 0.5.7 | 12.00 | 149.00 | 161.00 | OK | |
r-patched-linux-x86_64 | 0.5.7 | 8.85 | 100.28 | 109.13 | OK | |
r-release-linux-x86_64 | 0.5.7 | 9.21 | 101.31 | 110.52 | OK | |
r-release-macos-arm64 | 0.5.7 | 147.00 | OK | |||
r-release-macos-x86_64 | 0.5.7 | 207.00 | OK | |||
r-release-windows-x86_64 | 0.5.7 | 12.00 | 150.00 | 162.00 | OK | |
r-oldrel-macos-arm64 | 0.5.7 | 231.00 | OK | |||
r-oldrel-macos-x86_64 | 0.5.7 | 262.00 | OK | |||
r-oldrel-windows-x86_64 | 0.5.7 | 16.00 | 174.00 | 190.00 | OK |
Version: 0.5.7
Check: data for non-ASCII characters
Result: NOTE
Note: found 7 marked UTF-8 strings
Flavors: r-devel-linux-x86_64-fedora-clang, r-devel-linux-x86_64-fedora-gcc