Last updated on 2024-07-18 01:55:38 CEST.
Flavor | Version | Tinstall | Tcheck | Ttotal | Status | Flags |
---|---|---|---|---|---|---|
r-devel-linux-x86_64-debian-clang | 0.5.0 | 14.47 | 123.43 | 137.90 | OK | |
r-devel-linux-x86_64-debian-gcc | 0.5.0 | 10.91 | 89.54 | 100.45 | OK | |
r-devel-linux-x86_64-fedora-clang | 0.5.0 | 173.63 | NOTE | |||
r-devel-linux-x86_64-fedora-gcc | 0.5.0 | 99.66 | NOTE | |||
r-devel-windows-x86_64 | 0.5.0 | 15.00 | 97.00 | 112.00 | OK | |
r-patched-linux-x86_64 | 0.5.0 | 15.96 | 114.82 | 130.78 | OK | |
r-release-linux-x86_64 | 0.5.0 | 9.33 | 115.18 | 124.51 | OK | |
r-release-macos-arm64 | 0.5.0 | 48.00 | OK | |||
r-release-macos-x86_64 | 0.5.0 | 76.00 | OK | |||
r-release-windows-x86_64 | 0.5.0 | 15.00 | 99.00 | 114.00 | OK | |
r-oldrel-macos-arm64 | 0.5.0 | 52.00 | OK | |||
r-oldrel-macos-x86_64 | 0.5.0 | 86.00 | OK | |||
r-oldrel-windows-x86_64 | 0.5.0 | 18.00 | 122.00 | 140.00 | OK |
Version: 0.5.0
Check: dependencies in R code
Result: NOTE
Namespaces in Imports field not imported from:
‘RColorBrewer’ ‘graphics’
All declared Imports should be used.
Flavors: r-devel-linux-x86_64-fedora-clang, r-devel-linux-x86_64-fedora-gcc