Last updated on 2024-08-16 12:49:15 CEST.
Flavor | Version | Tinstall | Tcheck | Ttotal | Status | Flags |
---|---|---|---|---|---|---|
r-devel-linux-x86_64-debian-clang | 2.5.0 | 34.81 | 155.65 | 190.46 | OK | |
r-devel-linux-x86_64-debian-gcc | 2.5.0 | 26.66 | 107.08 | 133.74 | OK | |
r-devel-linux-x86_64-fedora-clang | 2.5.0 | 307.11 | NOTE | |||
r-devel-linux-x86_64-fedora-gcc | 2.5.0 | 304.09 | NOTE | |||
r-devel-windows-x86_64 | 2.5.0 | 55.00 | 262.00 | 317.00 | NOTE | |
r-patched-linux-x86_64 | 2.5.0 | 42.58 | 147.83 | 190.41 | OK | |
r-release-linux-x86_64 | 2.5.0 | 38.54 | 147.93 | 186.47 | OK | |
r-release-macos-arm64 | 2.5.0 | 102.00 | NOTE | |||
r-release-macos-x86_64 | 2.5.0 | 284.00 | NOTE | |||
r-release-windows-x86_64 | 2.5.0 | 53.00 | 265.00 | 318.00 | NOTE | |
r-oldrel-macos-arm64 | 2.5.0 | 107.00 | NOTE | |||
r-oldrel-macos-x86_64 | 2.5.0 | 192.00 | NOTE | |||
r-oldrel-windows-x86_64 | 2.5.0 | 66.00 | 332.00 | 398.00 | NOTE |
Version: 2.5.0
Check: installed package size
Result: NOTE
installed size is 5.6Mb
sub-directories of 1Mb or more:
data 4.5Mb
Flavors: r-devel-linux-x86_64-fedora-clang, r-devel-windows-x86_64, r-release-macos-arm64, r-release-macos-x86_64, r-release-windows-x86_64, r-oldrel-macos-arm64, r-oldrel-macos-x86_64, r-oldrel-windows-x86_64
Version: 2.5.0
Check: data for non-ASCII characters
Result: NOTE
Note: found 3134 marked UTF-8 strings
Flavors: r-devel-linux-x86_64-fedora-clang, r-devel-linux-x86_64-fedora-gcc