Last updated on 2024-08-16 12:49:15 CEST.
Flavor | Version | Tinstall | Tcheck | Ttotal | Status | Flags |
---|---|---|---|---|---|---|
r-devel-linux-x86_64-debian-clang | 2.0.9 | 114.36 | 230.79 | 345.15 | OK | |
r-devel-linux-x86_64-debian-gcc | 2.0.9 | 78.56 | 188.03 | 266.59 | OK | |
r-devel-linux-x86_64-fedora-clang | 2.0.9 | 597.88 | OK | |||
r-devel-linux-x86_64-fedora-gcc | 2.0.9 | 584.29 | OK | |||
r-devel-windows-x86_64 | 2.0.9 | 116.00 | 240.00 | 356.00 | OK | |
r-patched-linux-x86_64 | 2.0.9 | 108.68 | 217.90 | 326.58 | OK | |
r-release-linux-x86_64 | 2.0.9 | 102.49 | 220.74 | 323.23 | OK | |
r-release-macos-arm64 | 2.0.9 | 182.00 | NOTE | |||
r-release-macos-x86_64 | 2.0.9 | 355.00 | NOTE | |||
r-release-windows-x86_64 | 2.0.9 | 120.00 | 246.00 | 366.00 | OK | |
r-oldrel-macos-arm64 | 2.0.9 | 264.00 | NOTE | |||
r-oldrel-macos-x86_64 | 2.0.9 | 455.00 | NOTE | |||
r-oldrel-windows-x86_64 | 2.0.9 | 152.00 | 310.00 | 462.00 | OK |
Version: 2.0.9
Check: installed package size
Result: NOTE
installed size is 6.0Mb
sub-directories of 1Mb or more:
extdata 1.8Mb
libs 3.1Mb
Flavors: r-release-macos-arm64, r-release-macos-x86_64, r-oldrel-macos-arm64, r-oldrel-macos-x86_64