Last updated on 2025-07-08 13:49:15 CEST.
Flavor | Version | Tinstall | Tcheck | Ttotal | Status | Flags |
---|---|---|---|---|---|---|
r-devel-linux-x86_64-debian-clang | 2.4-4 | 60.80 | 29.55 | 90.35 | OK | |
r-devel-linux-x86_64-debian-gcc | 2.4-4 | 43.66 | 23.01 | 66.67 | OK | |
r-devel-linux-x86_64-fedora-clang | 2.4-4 | 181.43 | OK | |||
r-devel-linux-x86_64-fedora-gcc | 2.4-4 | 158.25 | OK | |||
r-devel-windows-x86_64 | 2.4-4 | 72.00 | 71.00 | 143.00 | OK | |
r-patched-linux-x86_64 | 2.4-4 | 62.45 | 28.01 | 90.46 | OK | |
r-release-linux-x86_64 | 2.4-4 | 61.26 | 28.20 | 89.46 | OK | |
r-release-macos-arm64 | 2.4-4 | 48.00 | OK | |||
r-release-macos-x86_64 | 2.4-4 | 51.00 | OK | |||
r-release-windows-x86_64 | 2.4-4 | 72.00 | 73.00 | 145.00 | OK | |
r-oldrel-macos-arm64 | 2.4-4 | 44.00 | NOTE | |||
r-oldrel-macos-x86_64 | 2.4-4 | 58.00 | NOTE | |||
r-oldrel-windows-x86_64 | 2.4-4 | 87.00 | 80.00 | 167.00 | OK |
Version: 2.4-4
Check: installed package size
Result: NOTE
installed size is 5.7Mb
sub-directories of 1Mb or more:
libs 5.6Mb
Flavors: r-oldrel-macos-arm64, r-oldrel-macos-x86_64