Last updated on 2024-08-16 12:49:15 CEST.
Flavor | Version | Tinstall | Tcheck | Ttotal | Status | Flags |
---|---|---|---|---|---|---|
r-devel-linux-x86_64-debian-clang | 0.5.1 | 4.97 | 80.25 | 85.22 | OK | |
r-devel-linux-x86_64-debian-gcc | 0.5.1 | 4.11 | 62.34 | 66.45 | OK | |
r-devel-linux-x86_64-fedora-clang | 0.5.1 | 135.09 | NOTE | |||
r-devel-linux-x86_64-fedora-gcc | 0.5.1 | 141.64 | NOTE | |||
r-devel-windows-x86_64 | 0.5.1 | 8.00 | 105.00 | 113.00 | NOTE | |
r-patched-linux-x86_64 | 0.5.1 | 6.61 | 77.92 | 84.53 | OK | |
r-release-linux-x86_64 | 0.5.1 | 5.84 | 77.16 | 83.00 | OK | |
r-release-macos-arm64 | 0.5.1 | 55.00 | NOTE | |||
r-release-macos-x86_64 | 0.5.1 | 80.00 | NOTE | |||
r-release-windows-x86_64 | 0.5.1 | 9.00 | 104.00 | 113.00 | NOTE | |
r-oldrel-macos-arm64 | 0.5.1 | 67.00 | NOTE | |||
r-oldrel-macos-x86_64 | 0.5.1 | 89.00 | NOTE | |||
r-oldrel-windows-x86_64 | 0.5.1 | 9.00 | 124.00 | 133.00 | NOTE |
Version: 0.5.1
Check: installed package size
Result: NOTE
installed size is 5.2Mb
sub-directories of 1Mb or more:
data 3.5Mb
help 1.1Mb
Flavors: r-devel-linux-x86_64-fedora-clang, r-devel-windows-x86_64, r-release-macos-arm64, r-release-macos-x86_64, r-release-windows-x86_64, r-oldrel-macos-arm64, r-oldrel-macos-x86_64, r-oldrel-windows-x86_64
Version: 0.5.1
Check: data for non-ASCII characters
Result: NOTE
Note: found 35 marked UTF-8 strings
Flavors: r-devel-linux-x86_64-fedora-clang, r-devel-linux-x86_64-fedora-gcc