Last updated on 2024-08-16 12:49:15 CEST.
Flavor | Version | Tinstall | Tcheck | Ttotal | Status | Flags |
---|---|---|---|---|---|---|
r-devel-linux-x86_64-debian-clang | 1.1.7 | 4.82 | 120.97 | 125.79 | OK | |
r-devel-linux-x86_64-debian-gcc | 1.1.7 | 2.85 | 83.08 | 85.93 | OK | |
r-devel-linux-x86_64-fedora-clang | 1.1.7 | 197.53 | OK | |||
r-devel-linux-x86_64-fedora-gcc | 1.1.7 | 207.15 | OK | |||
r-devel-windows-x86_64 | 1.1.7 | 7.00 | 128.00 | 135.00 | OK | |
r-patched-linux-x86_64 | 1.1.7 | 5.22 | 113.95 | 119.17 | OK | |
r-release-linux-x86_64 | 1.1.7 | 4.81 | 113.06 | 117.87 | OK | |
r-release-macos-arm64 | 1.1.7 | 56.00 | OK | |||
r-release-macos-x86_64 | 1.1.7 | 121.00 | OK | |||
r-release-windows-x86_64 | 1.1.7 | 8.00 | 128.00 | 136.00 | OK | |
r-oldrel-macos-arm64 | 1.1.7 | 65.00 | NOTE | |||
r-oldrel-macos-x86_64 | 1.1.7 | 99.00 | NOTE | |||
r-oldrel-windows-x86_64 | 1.1.7 | 9.00 | 160.00 | 169.00 | OK |
Version: 1.1.7
Check: package dependencies
Result: NOTE
Package suggested but not available for checking: ‘anomalize’
Flavors: r-oldrel-macos-arm64, r-oldrel-macos-x86_64