Last updated on 2024-07-18 01:55:38 CEST.
Flavor | Version | Tinstall | Tcheck | Ttotal | Status | Flags |
---|---|---|---|---|---|---|
r-devel-linux-x86_64-debian-clang | 0.6.1 | 126.58 | 378.95 | 505.53 | OK | |
r-devel-linux-x86_64-debian-gcc | 0.6.1 | 108.13 | 266.96 | 375.09 | OK | |
r-devel-linux-x86_64-fedora-clang | 0.6.1 | 465.15 | NOTE | |||
r-devel-linux-x86_64-fedora-gcc | 0.6.1 | 414.66 | OK | |||
r-devel-windows-x86_64 | 0.6.1 | 108.00 | 477.00 | 585.00 | NOTE | |
r-patched-linux-x86_64 | 0.6.1 | 152.22 | 350.94 | 503.16 | OK | |
r-release-linux-x86_64 | 0.6.1 | 130.49 | 357.53 | 488.02 | OK | |
r-release-macos-arm64 | 0.6.1 | 143.00 | NOTE | |||
r-release-macos-x86_64 | 0.6.1 | 220.00 | NOTE | |||
r-release-windows-x86_64 | 0.6.1 | 107.00 | 466.00 | 573.00 | NOTE | |
r-oldrel-macos-arm64 | 0.6.1 | 141.00 | NOTE | |||
r-oldrel-macos-x86_64 | 0.6.1 | 267.00 | NOTE | |||
r-oldrel-windows-x86_64 | 0.6.1 | 142.00 | 529.00 | 671.00 | NOTE |
Version: 0.6.1
Check: installed package size
Result: NOTE
installed size is 6.4Mb
sub-directories of 1Mb or more:
R 2.6Mb
help 3.6Mb
Flavors: r-devel-linux-x86_64-fedora-clang, r-devel-windows-x86_64, r-release-macos-arm64, r-release-macos-x86_64, r-release-windows-x86_64, r-oldrel-macos-arm64, r-oldrel-macos-x86_64, r-oldrel-windows-x86_64