Last updated on 2025-11-12 12:53:17 CET.
| Flavor | Version | Tinstall | Tcheck | Ttotal | Status | Flags |
|---|---|---|---|---|---|---|
| r-devel-linux-x86_64-debian-clang | 0.9.0 | 149.76 | 378.15 | 527.91 | NOTE | |
| r-devel-linux-x86_64-debian-gcc | 0.9.0 | 81.16 | 253.66 | 334.82 | NOTE | |
| r-devel-linux-x86_64-fedora-clang | 0.9.0 | 390.00 | 341.27 | 731.27 | OK | |
| r-devel-linux-x86_64-fedora-gcc | 0.9.0 | 327.00 | 361.80 | 688.80 | OK | |
| r-devel-windows-x86_64 | 0.9.0 | 139.00 | 663.00 | 802.00 | OK | |
| r-patched-linux-x86_64 | 0.9.0 | 159.57 | 358.89 | 518.46 | OK | |
| r-release-linux-x86_64 | 0.9.0 | 137.15 | 357.65 | 494.80 | OK | |
| r-release-macos-arm64 | 0.9.0 | 63.00 | 134.00 | 197.00 | OK | |
| r-release-macos-x86_64 | 0.9.0 | 139.00 | 269.00 | 408.00 | OK | |
| r-release-windows-x86_64 | 0.9.0 | 139.00 | 680.00 | 819.00 | OK | |
| r-oldrel-macos-arm64 | 0.9.0 | 56.00 | 122.00 | 178.00 | NOTE | |
| r-oldrel-macos-x86_64 | 0.9.0 | 120.00 | 239.00 | 359.00 | NOTE | |
| r-oldrel-windows-x86_64 | 0.9.0 | 201.00 | 681.00 | 882.00 | NOTE |
Version: 0.9.0
Check: CRAN incoming feasibility
Result: NOTE
Maintainer: ‘Dyfan Jones <dyfan.r.jones@gmail.com>’
Found the following (possibly) invalid URLs:
URL: https://docs.aws.amazon.com/kms/latest/developerguide/concepts.html##aws-managed-cmk
From: man/kms_describe_key.Rd
Message: Invalid URL: '#' not allowed in fragment
Flavors: r-devel-linux-x86_64-debian-clang, r-devel-linux-x86_64-debian-gcc
Version: 0.9.0
Check: installed package size
Result: NOTE
installed size is 7.8Mb
sub-directories of 1Mb or more:
R 3.1Mb
help 4.4Mb
Flavors: r-oldrel-macos-arm64, r-oldrel-macos-x86_64, r-oldrel-windows-x86_64