Last updated on 2024-08-16 12:49:15 CEST.
Flavor | Version | Tinstall | Tcheck | Ttotal | Status | Flags |
---|---|---|---|---|---|---|
r-devel-linux-x86_64-debian-clang | 0.1.8 | 12.55 | 303.70 | 316.25 | NOTE | |
r-devel-linux-x86_64-debian-gcc | 0.1.8 | 8.05 | 185.47 | 193.52 | NOTE | |
r-devel-linux-x86_64-fedora-clang | 0.1.8 | 528.44 | OK | |||
r-devel-linux-x86_64-fedora-gcc | 0.1.8 | 519.67 | OK | |||
r-devel-windows-x86_64 | 0.1.8 | 14.00 | 298.00 | 312.00 | NOTE | |
r-patched-linux-x86_64 | 0.1.8 | 12.47 | 286.13 | 298.60 | OK | |
r-release-linux-x86_64 | 0.1.8 | 11.41 | 291.31 | 302.72 | OK | |
r-release-macos-arm64 | 0.1.8 | 131.00 | OK | |||
r-release-macos-x86_64 | 0.1.8 | 200.00 | OK | |||
r-release-windows-x86_64 | 0.1.8 | 13.00 | 298.00 | 311.00 | OK | |
r-oldrel-macos-arm64 | 0.1.8 | 144.00 | OK | |||
r-oldrel-macos-x86_64 | 0.1.8 | 361.00 | OK | |||
r-oldrel-windows-x86_64 | 0.1.8 | 17.00 | 362.00 | 379.00 | OK |
Version: 0.1.8
Check: Rd cross-references
Result: NOTE
Found the following Rd file(s) with Rd \link{} targets missing package
anchors:
perProb.Rd: pMvdc
Please provide package anchors for all Rd \link{} targets not in the
package itself and the base packages.
Flavors: r-devel-linux-x86_64-debian-clang, r-devel-linux-x86_64-debian-gcc, r-devel-windows-x86_64