Last updated on 2024-08-16 12:49:15 CEST.
Flavor | Version | Tinstall | Tcheck | Ttotal | Status | Flags |
---|---|---|---|---|---|---|
r-devel-linux-x86_64-debian-clang | 0.1.8 | 40.28 | 267.65 | 307.93 | OK | |
r-devel-linux-x86_64-debian-gcc | 0.1.8 | 29.05 | 185.25 | 214.30 | OK | |
r-devel-linux-x86_64-fedora-clang | 0.1.8 | 517.63 | OK | |||
r-devel-linux-x86_64-fedora-gcc | 0.1.8 | 512.34 | OK | |||
r-devel-windows-x86_64 | 0.1.8 | 37.00 | 291.00 | 328.00 | OK | |
r-patched-linux-x86_64 | 0.1.8 | 49.80 | 248.89 | 298.69 | OK | |
r-release-linux-x86_64 | 0.1.8 | 40.46 | 253.75 | 294.21 | OK | |
r-release-macos-arm64 | 0.1.8 | 199.00 | NOTE | |||
r-release-macos-x86_64 | 0.1.8 | 369.00 | NOTE | |||
r-release-windows-x86_64 | 0.1.8 | 38.00 | 290.00 | 328.00 | OK | |
r-oldrel-macos-arm64 | 0.1.8 | 135.00 | OK | |||
r-oldrel-macos-x86_64 | 0.1.8 | 269.00 | NOTE | |||
r-oldrel-windows-x86_64 | 0.1.8 | 45.00 | 326.00 | 371.00 | OK |
Version: 0.1.8
Check: installed package size
Result: NOTE
installed size is 5.4Mb
sub-directories of 1Mb or more:
R 2.0Mb
doc 1.7Mb
help 1.4Mb
Flavors: r-release-macos-arm64, r-release-macos-x86_64, r-oldrel-macos-x86_64