Last updated on 2024-07-18 01:55:38 CEST.
Flavor | Version | Tinstall | Tcheck | Ttotal | Status | Flags |
---|---|---|---|---|---|---|
r-devel-linux-x86_64-debian-clang | 1.2 | 8.58 | 82.85 | 91.43 | OK | |
r-devel-linux-x86_64-debian-gcc | 1.2 | 7.76 | 62.13 | 69.89 | OK | |
r-devel-linux-x86_64-fedora-clang | 1.2 | 119.93 | OK | |||
r-devel-linux-x86_64-fedora-gcc | 1.2 | 110.72 | OK | |||
r-devel-windows-x86_64 | 1.2 | 11.00 | 91.00 | 102.00 | NOTE | |
r-patched-linux-x86_64 | 1.2 | 16.06 | 80.20 | 96.26 | OK | |
r-release-linux-x86_64 | 1.2 | 5.57 | 81.06 | 86.63 | OK | |
r-release-macos-arm64 | 1.2 | 37.00 | OK | |||
r-release-macos-x86_64 | 1.2 | 52.00 | OK | |||
r-release-windows-x86_64 | 1.2 | 12.00 | 94.00 | 106.00 | OK | |
r-oldrel-macos-arm64 | 1.2 | 53.00 | OK | |||
r-oldrel-macos-x86_64 | 1.2 | 69.00 | OK | |||
r-oldrel-windows-x86_64 | 1.2 | 11.00 | 98.00 | 109.00 | OK |
Version: 1.2
Check: Rd cross-references
Result: NOTE
Found the following Rd file(s) with Rd \link{} targets missing package
anchors:
bnmat.Rd: pc.skel
bnplot.Rd: pc.skel
cat.tests.Rd: g2Test, loglm, pc.skel
dcor.fedhc.skel.Rd: data.frame.to_matrix
fedhc.Rd: data.frame.to_matrix
fedhc.boot.Rd: data.frame.to_matrix
fedhc.skel.Rd: data.frame.to_matrix
mmhc.Rd: data.frame.to_matrix
mmhc.boot.Rd: data.frame.to_matrix
mmhc.skel.Rd: data.frame.to_matrix
pchc.Rd: data.frame.to_matrix
pchc.boot.Rd: data.frame.to_matrix
pchc.skel.Rd: data.frame.to_matrix
rmcd.Rd: data.frame.to_matrix
Please provide package anchors for all Rd \link{} targets not in the
package itself and the base packages.
Flavor: r-devel-windows-x86_64