CRAN Package Check Results for Package pdcor

Last updated on 2025-11-12 12:53:17 CET.

Flavor Version Tinstall Tcheck Ttotal Status Flags
r-devel-linux-x86_64-debian-clang 1.2 2.03 25.80 27.83 NOTE
r-devel-linux-x86_64-debian-gcc 1.2 1.52 20.89 22.41 NOTE
r-devel-linux-x86_64-fedora-clang 1.2 41.47 NOTE
r-devel-linux-x86_64-fedora-gcc 1.2 37.19 NOTE
r-devel-windows-x86_64 1.2 4.00 54.00 58.00 NOTE
r-patched-linux-x86_64 1.2 2.54 24.65 27.19 OK
r-release-linux-x86_64 1.2 1.79 24.50 26.29 OK
r-release-macos-arm64 1.2 1.00 17.00 18.00 OK
r-release-macos-x86_64 1.2 5.00 58.00 63.00 OK
r-release-windows-x86_64 1.2 4.00 44.00 48.00 OK
r-oldrel-macos-arm64 1.2 2.00 22.00 24.00 OK
r-oldrel-macos-x86_64 1.2 5.00 56.00 61.00 OK
r-oldrel-windows-x86_64 1.2 4.00 50.00 54.00 OK

Check Details

Version: 1.2
Check: Rd files
Result: NOTE checkRd: (-1) pdcor-package.Rd:11-17: Only 3 columns allowed in this table (row 1 has 2) checkRd: (-1) pdcor-package.Rd:11-17: Only 3 columns allowed in this table (row 2 has 2) checkRd: (-1) pdcor-package.Rd:11-17: Only 3 columns allowed in this table (row 3 has 2) checkRd: (-1) pdcor-package.Rd:11-17: Only 3 columns allowed in this table (row 4 has 2) checkRd: (-1) pdcor-package.Rd:11-17: Only 3 columns allowed in this table (row 5 has 2) Flavors: r-devel-linux-x86_64-debian-clang, r-devel-linux-x86_64-debian-gcc, r-devel-linux-x86_64-fedora-clang, r-devel-linux-x86_64-fedora-gcc, r-devel-windows-x86_64