Last updated on 2025-10-22 00:50:57 CEST.
Flavor | Version | Tinstall | Tcheck | Ttotal | Status | Flags |
---|---|---|---|---|---|---|
r-devel-linux-x86_64-debian-clang | 2.0.3 | 90.61 | 231.88 | 322.49 | NOTE | |
r-devel-linux-x86_64-debian-gcc | 2.0.3 | 77.17 | 131.67 | 208.84 | NOTE | |
r-devel-linux-x86_64-fedora-clang | 2.0.3 | 154.00 | 357.79 | 511.79 | OK | |
r-devel-linux-x86_64-fedora-gcc | 2.0.3 | 298.00 | 266.64 | 564.64 | OK | |
r-devel-windows-x86_64 | 2.0.3 | 127.00 | 225.00 | 352.00 | OK | |
r-patched-linux-x86_64 | 2.0.3 | 137.86 | 197.08 | 334.94 | OK | |
r-release-linux-x86_64 | 2.0.3 | 139.27 | 198.73 | 338.00 | OK | |
r-release-macos-arm64 | 2.0.3 | 44.00 | 101.00 | 145.00 | OK | |
r-release-macos-x86_64 | 2.0.3 | 57.00 | 215.00 | 272.00 | OK | |
r-release-windows-x86_64 | 2.0.3 | 132.00 | 205.00 | 337.00 | OK | |
r-oldrel-macos-arm64 | 2.0.3 | 40.00 | 104.00 | 144.00 | NOTE | |
r-oldrel-macos-x86_64 | 2.0.3 | 55.00 | 207.00 | 262.00 | NOTE | |
r-oldrel-windows-x86_64 | 2.0.3 | 314.00 | 301.00 | 615.00 | OK |
Version: 2.0.3
Check: HTML version of manual
Result: NOTE
Found the following HTML validation problems:
pedbp-defunct.html:74:1 (pedbp-defunct.Rd:40): Warning: missing </ul> before </div>
Flavors: r-devel-linux-x86_64-debian-clang, r-devel-linux-x86_64-debian-gcc
Version: 2.0.3
Check: installed package size
Result: NOTE
installed size is 5.7Mb
sub-directories of 1Mb or more:
libs 3.9Mb
Flavors: r-oldrel-macos-arm64, r-oldrel-macos-x86_64