Last updated on 2024-07-18 01:55:38 CEST.
Flavor | Version | Tinstall | Tcheck | Ttotal | Status | Flags |
---|---|---|---|---|---|---|
r-devel-linux-x86_64-debian-clang | 0.99 | 21.42 | 30.57 | 51.99 | OK | |
r-devel-linux-x86_64-debian-gcc | 0.99 | 12.60 | 23.16 | 35.76 | OK | |
r-devel-linux-x86_64-fedora-clang | 0.99 | 73.91 | NOTE | |||
r-devel-linux-x86_64-fedora-gcc | 0.99 | 65.47 | NOTE | |||
r-devel-windows-x86_64 | 0.99 | 19.00 | 66.00 | 85.00 | OK | |
r-patched-linux-x86_64 | 0.99 | 16.13 | 28.60 | 44.73 | OK | |
r-release-linux-x86_64 | 0.99 | 15.72 | 29.38 | 45.10 | OK | |
r-release-macos-arm64 | 0.99 | 20.00 | OK | |||
r-release-macos-x86_64 | 0.99 | 30.00 | OK | |||
r-release-windows-x86_64 | 0.99 | 17.00 | 66.00 | 83.00 | OK | |
r-oldrel-macos-arm64 | 0.99 | 21.00 | OK | |||
r-oldrel-macos-x86_64 | 0.99 | 35.00 | OK | |||
r-oldrel-windows-x86_64 | 0.99 | 18.00 | 72.00 | 90.00 | OK |
Version: 0.99
Check: compiled code
Result: NOTE
File ‘penMSM/libs/penMSM.so’:
Found no calls to: ‘R_registerRoutines’, ‘R_useDynamicSymbols’
It is good practice to register native routines and to disable symbol
search.
See ‘Writing portable packages’ in the ‘Writing R Extensions’ manual.
Flavors: r-devel-linux-x86_64-fedora-clang, r-devel-linux-x86_64-fedora-gcc