Last updated on 2024-07-18 01:55:39 CEST.
Flavor | Version | Tinstall | Tcheck | Ttotal | Status | Flags |
---|---|---|---|---|---|---|
r-devel-linux-x86_64-debian-clang | 0.0.1 | 91.45 | 132.97 | 224.42 | NOTE | |
r-devel-linux-x86_64-debian-gcc | 0.0.1 | 66.42 | 99.04 | 165.46 | NOTE | |
r-devel-linux-x86_64-fedora-clang | 0.0.1 | 299.18 | NOTE | |||
r-devel-linux-x86_64-fedora-gcc | 0.0.1 | 299.11 | NOTE | |||
r-devel-windows-x86_64 | 0.0.1 | 66.00 | 121.00 | 187.00 | NOTE | |
r-patched-linux-x86_64 | 0.0.1 | 58.28 | 129.81 | 188.09 | NOTE | |
r-release-linux-x86_64 | 0.0.1 | 57.12 | 130.56 | 187.68 | NOTE | |
r-release-macos-arm64 | 0.0.1 | 68.00 | NOTE | |||
r-release-macos-x86_64 | 0.0.1 | 89.00 | NOTE | |||
r-release-windows-x86_64 | 0.0.1 | 67.00 | 122.00 | 189.00 | NOTE | |
r-oldrel-macos-arm64 | 0.0.1 | 87.00 | NOTE | |||
r-oldrel-macos-x86_64 | 0.0.1 | 128.00 | NOTE | |||
r-oldrel-windows-x86_64 | 0.0.1 | 83.00 | 151.00 | 234.00 | NOTE |
Version: 0.0.1
Check: C++ specification
Result: NOTE
Specified C++11: please drop specification unless essential
Flavors: r-devel-linux-x86_64-debian-clang, r-devel-linux-x86_64-debian-gcc, r-devel-linux-x86_64-fedora-clang, r-devel-linux-x86_64-fedora-gcc, r-devel-windows-x86_64, r-patched-linux-x86_64, r-release-linux-x86_64, r-release-macos-arm64, r-release-macos-x86_64, r-release-windows-x86_64, r-oldrel-macos-arm64, r-oldrel-macos-x86_64, r-oldrel-windows-x86_64
Version: 0.0.1
Check: LazyData
Result: NOTE
'LazyData' is specified without a 'data' directory
Flavors: r-devel-linux-x86_64-debian-clang, r-devel-linux-x86_64-debian-gcc, r-devel-linux-x86_64-fedora-clang, r-devel-linux-x86_64-fedora-gcc, r-devel-windows-x86_64, r-patched-linux-x86_64, r-release-linux-x86_64, r-release-macos-arm64, r-release-macos-x86_64, r-release-windows-x86_64, r-oldrel-macos-arm64, r-oldrel-macos-x86_64, r-oldrel-windows-x86_64
Version: 0.0.1
Check: installed package size
Result: NOTE
installed size is 11.2Mb
sub-directories of 1Mb or more:
libs 10.9Mb
Flavors: r-release-macos-arm64, r-release-macos-x86_64, r-oldrel-macos-arm64, r-oldrel-macos-x86_64