Last updated on 2024-07-18 01:55:39 CEST.
Flavor | Version | Tinstall | Tcheck | Ttotal | Status | Flags |
---|---|---|---|---|---|---|
r-devel-linux-x86_64-debian-clang | 0.2.1 | 182.57 | 330.01 | 512.58 | NOTE | |
r-devel-linux-x86_64-debian-gcc | 0.2.1 | 149.35 | 292.04 | 441.39 | NOTE | |
r-devel-linux-x86_64-fedora-clang | 0.2.1 | 619.41 | NOTE | |||
r-devel-linux-x86_64-fedora-gcc | 0.2.1 | 731.22 | NOTE | |||
r-devel-windows-x86_64 | 0.2.1 | 133.00 | 283.00 | 416.00 | NOTE | |
r-patched-linux-x86_64 | 0.2.1 | 128.73 | 376.84 | 505.57 | NOTE | |
r-release-linux-x86_64 | 0.2.1 | 125.23 | 360.75 | 485.98 | NOTE | |
r-release-macos-arm64 | 0.2.1 | 137.00 | NOTE | |||
r-release-macos-x86_64 | 0.2.1 | 388.00 | NOTE | |||
r-release-windows-x86_64 | 0.2.1 | 138.00 | 278.00 | 416.00 | NOTE | |
r-oldrel-macos-arm64 | 0.2.1 | 111.00 | NOTE | |||
r-oldrel-macos-x86_64 | 0.2.1 | 249.00 | NOTE | |||
r-oldrel-windows-x86_64 | 0.2.1 | 176.00 | 343.00 | 519.00 | NOTE |
Version: 0.2.1
Check: for GNU extensions in Makefiles
Result: NOTE
GNU make is a SystemRequirements.
Flavors: r-devel-linux-x86_64-debian-clang, r-devel-linux-x86_64-debian-gcc, r-devel-linux-x86_64-fedora-clang, r-devel-linux-x86_64-fedora-gcc, r-devel-windows-x86_64, r-patched-linux-x86_64, r-release-linux-x86_64, r-release-macos-arm64, r-release-macos-x86_64, r-release-windows-x86_64, r-oldrel-macos-arm64, r-oldrel-macos-x86_64, r-oldrel-windows-x86_64
Version: 0.2.1
Check: installed package size
Result: NOTE
installed size is 40.7Mb
sub-directories of 1Mb or more:
libs 40.4Mb
Flavors: r-release-macos-arm64, r-release-macos-x86_64, r-oldrel-macos-arm64, r-oldrel-macos-x86_64