Last updated on 2025-11-14 00:50:53 CET.
| Flavor | Version | Tinstall | Tcheck | Ttotal | Status | Flags |
|---|---|---|---|---|---|---|
| r-devel-linux-x86_64-debian-clang | 0.14.0 | 26.86 | 217.92 | 244.78 | OK | |
| r-devel-linux-x86_64-debian-gcc | 0.14.0 | 18.05 | 147.82 | 165.87 | OK | |
| r-devel-linux-x86_64-fedora-clang | 0.14.0 | 65.00 | 283.66 | 348.66 | OK | |
| r-devel-linux-x86_64-fedora-gcc | 0.14.0 | 60.00 | 285.66 | 345.66 | OK | |
| r-devel-windows-x86_64 | 0.14.0 | 33.00 | 277.00 | 310.00 | OK | |
| r-patched-linux-x86_64 | 0.14.0 | 34.49 | 203.39 | 237.88 | OK | |
| r-release-linux-x86_64 | 0.14.0 | 24.23 | 202.26 | 226.49 | OK | |
| r-release-macos-arm64 | 0.14.0 | 10.00 | 88.00 | 98.00 | OK | |
| r-release-macos-x86_64 | 0.14.0 | 42.00 | 337.00 | 379.00 | OK | |
| r-release-windows-x86_64 | 0.14.0 | 34.00 | 284.00 | 318.00 | OK | |
| r-oldrel-macos-arm64 | 0.14.0 | 10.00 | 93.00 | 103.00 | OK | |
| r-oldrel-macos-x86_64 | 0.14.0 | 70.00 | 325.00 | 395.00 | NOTE | |
| r-oldrel-windows-x86_64 | 0.14.0 | 43.00 | 333.00 | 376.00 | OK |
Version: 0.14.0
Check: installed package size
Result: NOTE
installed size is 5.9Mb
sub-directories of 1Mb or more:
R 2.1Mb
help 2.1Mb
Flavor: r-oldrel-macos-x86_64