Last updated on 2024-06-14 00:53:53 CEST.
Flavor | Version | Tinstall | Tcheck | Ttotal | Status | Flags |
---|---|---|---|---|---|---|
r-devel-linux-x86_64-debian-clang | 0.3.4 | 13.20 | 37.60 | 50.80 | OK | |
r-devel-linux-x86_64-debian-gcc | 0.3.4 | 0.55 | 1.80 | 2.35 | ERROR | |
r-devel-linux-x86_64-fedora-clang | 0.3.4 | 64.63 | OK | |||
r-devel-linux-x86_64-fedora-gcc | 0.3.4 | 83.32 | OK | |||
r-devel-windows-x86_64 | 0.3.4 | 19.00 | 55.00 | 74.00 | OK | |
r-patched-linux-x86_64 | 0.3.4 | 17.00 | 36.40 | 53.40 | OK | |
r-release-linux-x86_64 | 0.3.4 | 14.29 | 37.47 | 51.76 | OK | |
r-release-macos-arm64 | 0.3.4 | 30.00 | OK | |||
r-release-macos-x86_64 | 0.3.4 | 44.00 | OK | |||
r-release-windows-x86_64 | 0.3.4 | 19.00 | 57.00 | 76.00 | OK | |
r-oldrel-macos-arm64 | 0.3.4 | 44.00 | OK | |||
r-oldrel-macos-x86_64 | 0.3.4 | 61.00 | OK | |||
r-oldrel-windows-x86_64 | 0.3.4 | 22.00 | 58.00 | 80.00 | OK |
Version: 0.3.4
Check: package dependencies
Result: ERROR
Package required but not available: ‘tibble’
Package suggested but not available for checking: ‘testthat’
See section ‘The DESCRIPTION file’ in the ‘Writing R Extensions’
manual.
Flavor: r-devel-linux-x86_64-debian-gcc