Last updated on 2024-07-18 01:55:39 CEST.
Flavor | Version | Tinstall | Tcheck | Ttotal | Status | Flags |
---|---|---|---|---|---|---|
r-devel-linux-x86_64-debian-clang | 0.1.3 | 135.39 | 85.94 | 221.33 | OK | |
r-devel-linux-x86_64-debian-gcc | 0.1.3 | 104.46 | 71.18 | 175.64 | OK | |
r-devel-linux-x86_64-fedora-clang | 0.1.3 | 276.97 | OK | |||
r-devel-linux-x86_64-fedora-gcc | 0.1.3 | 328.49 | OK | |||
r-devel-windows-x86_64 | 0.1.3 | 94.00 | 103.00 | 197.00 | OK | |
r-patched-linux-x86_64 | 0.1.3 | 128.91 | 91.14 | 220.05 | OK | |
r-release-linux-x86_64 | 0.1.3 | 123.45 | 91.22 | 214.67 | OK | |
r-release-macos-arm64 | 0.1.3 | 75.00 | NOTE | |||
r-release-macos-x86_64 | 0.1.3 | 87.00 | NOTE | |||
r-release-windows-x86_64 | 0.1.3 | 96.00 | 106.00 | 202.00 | OK | |
r-oldrel-macos-arm64 | 0.1.3 | 63.00 | NOTE | |||
r-oldrel-macos-x86_64 | 0.1.3 | 145.00 | NOTE | |||
r-oldrel-windows-x86_64 | 0.1.3 | 120.00 | 126.00 | 246.00 | OK |
Version: 0.1.3
Check: installed package size
Result: NOTE
installed size is 28.9Mb
sub-directories of 1Mb or more:
libs 28.8Mb
Flavors: r-release-macos-arm64, r-release-macos-x86_64, r-oldrel-macos-arm64, r-oldrel-macos-x86_64