Last updated on 2024-06-14 13:56:28 CEST.
Flavor | Version | Tinstall | Tcheck | Ttotal | Status | Flags |
---|---|---|---|---|---|---|
r-devel-linux-x86_64-debian-clang | 0.1.2 | 2.19 | 23.58 | 25.77 | NOTE | |
r-devel-linux-x86_64-debian-gcc | 0.1.2 | 1.69 | 18.07 | 19.76 | NOTE | |
r-devel-linux-x86_64-fedora-clang | 0.1.2 | 32.40 | NOTE | |||
r-devel-linux-x86_64-fedora-gcc | 0.1.2 | 30.56 | NOTE | |||
r-devel-windows-x86_64 | 0.1.2 | 3.00 | 38.00 | 41.00 | NOTE | |
r-patched-linux-x86_64 | 0.1.2 | 2.23 | 22.91 | 25.14 | NOTE | |
r-release-linux-x86_64 | 0.1.2 | 1.98 | 22.70 | 24.68 | NOTE | |
r-release-macos-arm64 | 0.1.2 | 16.00 | NOTE | |||
r-release-macos-x86_64 | 0.1.2 | 20.00 | NOTE | |||
r-release-windows-x86_64 | 0.1.2 | 2.00 | 37.00 | 39.00 | NOTE | |
r-oldrel-macos-arm64 | 0.1.2 | 17.00 | NOTE | |||
r-oldrel-macos-x86_64 | 0.1.2 | 20.00 | NOTE | |||
r-oldrel-windows-x86_64 | 0.1.2 | 4.00 | 38.00 | 42.00 | NOTE |
Version: 0.1.2
Check: LazyData
Result: NOTE
'LazyData' is specified without a 'data' directory
Flavors: r-devel-linux-x86_64-debian-clang, r-devel-linux-x86_64-debian-gcc, r-devel-linux-x86_64-fedora-clang, r-devel-linux-x86_64-fedora-gcc, r-devel-windows-x86_64, r-patched-linux-x86_64, r-release-linux-x86_64, r-release-macos-arm64, r-release-macos-x86_64, r-release-windows-x86_64, r-oldrel-macos-arm64, r-oldrel-macos-x86_64, r-oldrel-windows-x86_64