Last updated on 2024-07-18 01:55:39 CEST.
Flavor | Version | Tinstall | Tcheck | Ttotal | Status | Flags |
---|---|---|---|---|---|---|
r-devel-linux-x86_64-debian-clang | 0.9.12 | 11.38 | 78.19 | 89.57 | OK | |
r-devel-linux-x86_64-debian-gcc | 0.9.12 | 7.51 | 56.65 | 64.16 | OK | |
r-devel-linux-x86_64-fedora-clang | 0.9.12 | 105.40 | OK | |||
r-devel-linux-x86_64-fedora-gcc | 0.9.12 | 103.12 | OK | |||
r-devel-windows-x86_64 | 0.9.12 | 9.00 | 74.00 | 83.00 | OK | |
r-patched-linux-x86_64 | 0.9.12 | 9.90 | 75.14 | 85.04 | OK | |
r-release-linux-x86_64 | 0.9.12 | 11.67 | 74.55 | 86.22 | OK | |
r-release-macos-arm64 | 0.9.12 | 32.00 | NOTE | |||
r-release-macos-x86_64 | 0.9.12 | 48.00 | NOTE | |||
r-release-windows-x86_64 | 0.9.12 | 9.00 | 75.00 | 84.00 | OK | |
r-oldrel-macos-arm64 | 0.9.12 | 36.00 | NOTE | |||
r-oldrel-macos-x86_64 | 0.9.12 | 81.00 | NOTE | |||
r-oldrel-windows-x86_64 | 0.9.12 | 12.00 | 86.00 | 98.00 | OK |
Version: 0.9.12
Check: package dependencies
Result: NOTE
Package suggested but not available for checking: ‘Rmpi’
Flavors: r-release-macos-arm64, r-release-macos-x86_64, r-oldrel-macos-arm64, r-oldrel-macos-x86_64