Last updated on 2024-07-18 01:55:39 CEST.
Flavor | Version | Tinstall | Tcheck | Ttotal | Status | Flags |
---|---|---|---|---|---|---|
r-devel-linux-x86_64-debian-clang | 0.2.1 | 3.20 | 25.38 | 28.58 | NOTE | |
r-devel-linux-x86_64-debian-gcc | 0.2.1 | 2.05 | 18.91 | 20.96 | NOTE | |
r-devel-linux-x86_64-fedora-clang | 0.2.1 | 34.78 | NOTE | |||
r-devel-linux-x86_64-fedora-gcc | 0.2.1 | 34.73 | NOTE | |||
r-devel-windows-x86_64 | 0.2.1 | 3.00 | 39.00 | 42.00 | NOTE | |
r-patched-linux-x86_64 | 0.2.1 | 3.15 | 23.90 | 27.05 | NOTE | |
r-release-linux-x86_64 | 0.2.1 | 2.78 | 24.07 | 26.85 | NOTE | |
r-release-macos-arm64 | 0.2.1 | 14.00 | NOTE | |||
r-release-macos-x86_64 | 0.2.1 | 21.00 | NOTE | |||
r-release-windows-x86_64 | 0.2.1 | 4.00 | 40.00 | 44.00 | NOTE | |
r-oldrel-macos-arm64 | 0.2.1 | 18.00 | OK | |||
r-oldrel-macos-x86_64 | 0.2.1 | 19.00 | OK | |||
r-oldrel-windows-x86_64 | 0.2.1 | 4.00 | 41.00 | 45.00 | OK |
Version: 0.2.1
Check: Rd files
Result: NOTE
checkRd: (-1) pmledecon.Rd:113: Lost braces; missing escapes or markup?
113 | likelihood less than $10^{-10}$ are replaced by $10^{-10}$.
| ^
checkRd: (-1) pmledecon.Rd:113: Lost braces; missing escapes or markup?
113 | likelihood less than $10^{-10}$ are replaced by $10^{-10}$.
| ^
Flavors: r-devel-linux-x86_64-debian-clang, r-devel-linux-x86_64-debian-gcc, r-devel-linux-x86_64-fedora-clang, r-devel-linux-x86_64-fedora-gcc, r-devel-windows-x86_64, r-patched-linux-x86_64, r-release-linux-x86_64, r-release-macos-arm64, r-release-macos-x86_64, r-release-windows-x86_64