Last updated on 2024-08-16 12:49:16 CEST.
Flavor | Version | Tinstall | Tcheck | Ttotal | Status | Flags |
---|---|---|---|---|---|---|
r-devel-linux-x86_64-debian-clang | 1.4 | 12.24 | 232.10 | 244.34 | NOTE | |
r-devel-linux-x86_64-debian-gcc | 1.4 | 7.66 | 250.86 | 258.52 | NOTE | |
r-devel-linux-x86_64-fedora-clang | 1.4 | 484.86 | NOTE | |||
r-devel-linux-x86_64-fedora-gcc | 1.4 | 446.88 | OK | |||
r-devel-windows-x86_64 | 1.4 | 13.00 | 235.00 | 248.00 | NOTE | |
r-patched-linux-x86_64 | 1.4 | 16.63 | 275.64 | 292.27 | OK | |
r-release-linux-x86_64 | 1.4 | 12.38 | 278.84 | 291.22 | OK | |
r-release-macos-arm64 | 1.4 | 116.00 | OK | |||
r-release-macos-x86_64 | 1.4 | 187.00 | OK | |||
r-release-windows-x86_64 | 1.4 | 14.00 | 237.00 | 251.00 | OK | |
r-oldrel-macos-arm64 | 1.4 | 121.00 | OK | |||
r-oldrel-macos-x86_64 | 1.4 | 279.00 | OK | |||
r-oldrel-windows-x86_64 | 1.4 | 18.00 | 299.00 | 317.00 | OK |
Version: 1.4
Check: Rd cross-references
Result: NOTE
Found the following Rd file(s) with Rd \link{} targets missing package
anchors:
copy_policy_data.Rd: data.table
get_actions.Rd: data.table
get_history.Rd: data.table
get_id_stage.Rd: data.table
get_policy_actions.Rd: data.table
get_policy_functions.Rd: data.table
get_utility.Rd: data.table
policy.Rd: data.table
policy_data.Rd: data.table
policy_def.Rd: data.table
policy_eval.Rd: data.table
policy_learn.Rd: policy_tree
predict.nuisance_functions.Rd: data.table
sim_multi_stage.Rd: data.table
sim_two_stage.Rd: data.table
sim_two_stage_multi_actions.Rd: data.table
Please provide package anchors for all Rd \link{} targets not in the
package itself and the base packages.
Flavors: r-devel-linux-x86_64-debian-clang, r-devel-linux-x86_64-debian-gcc, r-devel-windows-x86_64
Version: 1.4
Check: Rd cross-references
Result: NOTE
Undeclared package ‘modelObj’ in Rd xrefs
Flavor: r-devel-linux-x86_64-fedora-clang