Last updated on 2024-07-18 01:55:39 CEST.
Flavor | Version | Tinstall | Tcheck | Ttotal | Status | Flags |
---|---|---|---|---|---|---|
r-devel-linux-x86_64-debian-clang | 1.0.1 | 32.27 | 196.27 | 228.54 | NOTE | |
r-devel-linux-x86_64-debian-gcc | 1.0.1 | 30.92 | 146.53 | 177.45 | NOTE | |
r-devel-linux-x86_64-fedora-clang | 1.0.1 | 304.01 | NOTE | |||
r-devel-linux-x86_64-fedora-gcc | 1.0.1 | 293.54 | NOTE | |||
r-devel-windows-x86_64 | 1.0.1 | 21.00 | 139.00 | 160.00 | NOTE | |
r-patched-linux-x86_64 | 1.0.1 | 25.09 | 191.77 | 216.86 | NOTE | |
r-release-linux-x86_64 | 1.0.1 | 25.27 | 191.05 | 216.32 | NOTE | |
r-release-macos-arm64 | 1.0.1 | 70.00 | NOTE | |||
r-release-macos-x86_64 | 1.0.1 | 102.00 | NOTE | |||
r-release-windows-x86_64 | 1.0.1 | 24.00 | 140.00 | 164.00 | NOTE | |
r-oldrel-macos-arm64 | 1.0.1 | 73.00 | NOTE | |||
r-oldrel-macos-x86_64 | 1.0.1 | 124.00 | NOTE | |||
r-oldrel-windows-x86_64 | 1.0.1 | 28.00 | 174.00 | 202.00 | NOTE |
Version: 1.0.1
Check: package dependencies
Result: NOTE
Package suggested but not available for checking: ‘pollimetrydata’
Flavors: r-devel-linux-x86_64-debian-clang, r-devel-linux-x86_64-debian-gcc, r-devel-linux-x86_64-fedora-clang, r-devel-linux-x86_64-fedora-gcc, r-devel-windows-x86_64, r-patched-linux-x86_64, r-release-linux-x86_64, r-release-macos-arm64, r-release-macos-x86_64, r-release-windows-x86_64, r-oldrel-macos-arm64, r-oldrel-macos-x86_64, r-oldrel-windows-x86_64