Last updated on 2024-08-16 12:49:16 CEST.
Flavor | Version | Tinstall | Tcheck | Ttotal | Status | Flags |
---|---|---|---|---|---|---|
r-devel-linux-x86_64-debian-clang | 2.0.0 | 57.66 | 132.33 | 189.99 | OK | |
r-devel-linux-x86_64-debian-gcc | 2.0.0 | 42.26 | 94.13 | 136.39 | OK | |
r-devel-linux-x86_64-fedora-clang | 2.0.0 | 321.87 | NOTE | |||
r-devel-linux-x86_64-fedora-gcc | 2.0.0 | 339.95 | OK | |||
r-devel-windows-x86_64 | 2.0.0 | 58.00 | 174.00 | 232.00 | NOTE | |
r-patched-linux-x86_64 | 2.0.0 | 60.74 | 124.43 | 185.17 | OK | |
r-release-linux-x86_64 | 2.0.0 | 59.65 | 124.42 | 184.07 | OK | |
r-release-macos-arm64 | 2.0.0 | 95.00 | NOTE | |||
r-release-macos-x86_64 | 2.0.0 | 129.00 | NOTE | |||
r-release-windows-x86_64 | 2.0.0 | 54.00 | 166.00 | 220.00 | NOTE | |
r-oldrel-macos-arm64 | 2.0.0 | 92.00 | NOTE | |||
r-oldrel-macos-x86_64 | 2.0.0 | 162.00 | NOTE | |||
r-oldrel-windows-x86_64 | 2.0.0 | 52.00 | 209.00 | 261.00 | NOTE |
Version: 2.0.0
Check: Rd cross-references
Result: NOTE
Undeclared packages ‘polymapR’, ‘BSgenome’ in Rd xrefs
Flavor: r-devel-linux-x86_64-fedora-clang
Version: 2.0.0
Check: installed package size
Result: NOTE
installed size is 5.5Mb
sub-directories of 1Mb or more:
extdata 2.8Mb
libs 1.2Mb
Flavors: r-devel-windows-x86_64, r-release-macos-arm64, r-release-macos-x86_64, r-release-windows-x86_64, r-oldrel-macos-arm64, r-oldrel-macos-x86_64, r-oldrel-windows-x86_64
Version: 2.0.0
Check: package dependencies
Result: NOTE
Package suggested but not available for checking: ‘VariantAnnotation’
Flavors: r-oldrel-macos-arm64, r-oldrel-macos-x86_64
Version: 2.0.0
Check: Rd cross-references
Result: NOTE
Package unavailable to check Rd xrefs: ‘VariantAnnotation’
Flavors: r-oldrel-macos-arm64, r-oldrel-macos-x86_64