Last updated on 2024-07-18 01:55:39 CEST.
Flavor | Version | Tinstall | Tcheck | Ttotal | Status | Flags |
---|---|---|---|---|---|---|
r-devel-linux-x86_64-debian-clang | 0.1.3 | 135.34 | 56.43 | 191.77 | OK | |
r-devel-linux-x86_64-debian-gcc | 0.1.3 | 96.79 | 49.32 | 146.11 | OK | |
r-devel-linux-x86_64-fedora-clang | 0.1.3 | 254.97 | OK | |||
r-devel-linux-x86_64-fedora-gcc | 0.1.3 | 299.96 | OK | |||
r-devel-windows-x86_64 | 0.1.3 | 95.00 | 85.00 | 180.00 | OK | |
r-patched-linux-x86_64 | 0.1.3 | 111.79 | 63.33 | 175.12 | OK | |
r-release-linux-x86_64 | 0.1.3 | 116.18 | 61.63 | 177.81 | OK | |
r-release-macos-arm64 | 0.1.3 | 74.00 | NOTE | |||
r-release-macos-x86_64 | 0.1.3 | 77.00 | NOTE | |||
r-release-windows-x86_64 | 0.1.3 | 101.00 | 86.00 | 187.00 | OK | |
r-oldrel-macos-arm64 | 0.1.3 | 69.00 | NOTE | |||
r-oldrel-macos-x86_64 | 0.1.3 | 115.00 | NOTE | |||
r-oldrel-windows-x86_64 | 0.1.3 | 120.00 | 99.00 | 219.00 | OK |
Version: 0.1.3
Check: installed package size
Result: NOTE
installed size is 19.4Mb
sub-directories of 1Mb or more:
libs 19.0Mb
Flavors: r-release-macos-arm64, r-release-macos-x86_64, r-oldrel-macos-arm64, r-oldrel-macos-x86_64