Last updated on 2025-11-14 00:50:53 CET.
| Flavor | Version | Tinstall | Tcheck | Ttotal | Status | Flags |
|---|---|---|---|---|---|---|
| r-devel-linux-x86_64-debian-clang | 0.3.3 | 45.95 | 72.33 | 118.28 | OK | |
| r-devel-linux-x86_64-debian-gcc | 0.3.3 | 33.87 | 52.79 | 86.66 | OK | |
| r-devel-linux-x86_64-fedora-clang | 0.3.3 | 93.00 | 102.96 | 195.96 | OK | |
| r-devel-linux-x86_64-fedora-gcc | 0.3.3 | 110.00 | 82.91 | 192.91 | OK | |
| r-devel-windows-x86_64 | 0.3.3 | 52.00 | 99.00 | 151.00 | OK | |
| r-patched-linux-x86_64 | 0.3.3 | 47.93 | 68.09 | 116.02 | OK | |
| r-release-linux-x86_64 | 0.3.3 | 47.27 | 68.58 | 115.85 | OK | |
| r-release-macos-arm64 | 0.3.3 | 20.00 | 34.00 | 54.00 | OK | |
| r-release-macos-x86_64 | 0.3.3 | 41.00 | 69.00 | 110.00 | OK | |
| r-release-windows-x86_64 | 0.3.3 | 52.00 | 103.00 | 155.00 | OK | |
| r-oldrel-macos-arm64 | 0.3.3 | 18.00 | 31.00 | 49.00 | NOTE | |
| r-oldrel-macos-x86_64 | 0.3.3 | 29.00 | 46.00 | 75.00 | NOTE | |
| r-oldrel-windows-x86_64 | 0.3.3 | 63.00 | 123.00 | 186.00 | OK |
Version: 0.3.3
Check: installed package size
Result: NOTE
installed size is 6.4Mb
sub-directories of 1Mb or more:
libs 6.1Mb
Flavors: r-oldrel-macos-arm64, r-oldrel-macos-x86_64