Last updated on 2024-07-18 01:55:39 CEST.
Flavor | Version | Tinstall | Tcheck | Ttotal | Status | Flags |
---|---|---|---|---|---|---|
r-devel-linux-x86_64-debian-clang | 0.5-2 | 7.50 | 106.32 | 113.82 | NOTE | |
r-devel-linux-x86_64-debian-gcc | 0.5-2 | 6.49 | 78.43 | 84.92 | NOTE | |
r-devel-linux-x86_64-fedora-clang | 0.5-2 | 140.28 | NOTE | |||
r-devel-linux-x86_64-fedora-gcc | 0.5-2 | 150.32 | NOTE | |||
r-devel-windows-x86_64 | 0.5-2 | 7.00 | 132.00 | 139.00 | NOTE | |
r-patched-linux-x86_64 | 0.5-2 | 6.85 | 101.36 | 108.21 | NOTE | |
r-release-linux-x86_64 | 0.5-2 | 5.54 | 99.48 | 105.02 | NOTE | |
r-release-macos-arm64 | 0.5-2 | 55.00 | NOTE | |||
r-release-macos-x86_64 | 0.5-2 | 82.00 | NOTE | |||
r-release-windows-x86_64 | 0.5-2 | 9.00 | 134.00 | 143.00 | NOTE | |
r-oldrel-macos-arm64 | 0.5-2 | 60.00 | NOTE | |||
r-oldrel-macos-x86_64 | 0.5-2 | 87.00 | NOTE | |||
r-oldrel-windows-x86_64 | 0.5-2 | 10.00 | 133.00 | 143.00 | NOTE |
Version: 0.5-2
Check: Rd files
Result: NOTE
checkRd: (-1) tradelist-class.Rd:91: Escaped LaTeX specials: \$
Flavors: r-devel-linux-x86_64-debian-clang, r-devel-linux-x86_64-debian-gcc, r-devel-linux-x86_64-fedora-clang, r-devel-linux-x86_64-fedora-gcc, r-devel-windows-x86_64, r-patched-linux-x86_64, r-release-linux-x86_64, r-release-macos-arm64, r-release-macos-x86_64, r-release-windows-x86_64, r-oldrel-macos-arm64, r-oldrel-macos-x86_64, r-oldrel-windows-x86_64