Last updated on 2024-08-16 12:49:16 CEST.
Flavor | Version | Tinstall | Tcheck | Ttotal | Status | Flags |
---|---|---|---|---|---|---|
r-devel-linux-x86_64-debian-clang | 1.0.3 | 107.10 | 312.61 | 419.71 | OK | |
r-devel-linux-x86_64-debian-gcc | 1.0.3 | 81.49 | 218.99 | 300.48 | OK | |
r-devel-linux-x86_64-fedora-clang | 1.0.3 | 661.93 | NOTE | |||
r-devel-linux-x86_64-fedora-gcc | 1.0.3 | 715.83 | OK | |||
r-devel-windows-x86_64 | 1.0.3 | 103.00 | 330.00 | 433.00 | NOTE | |
r-patched-linux-x86_64 | 1.0.3 | 113.36 | 303.98 | 417.34 | OK | |
r-release-linux-x86_64 | 1.0.3 | 114.64 | 301.83 | 416.47 | OK | |
r-release-macos-arm64 | 1.0.3 | 179.00 | NOTE | |||
r-release-macos-x86_64 | 1.0.3 | 290.00 | NOTE | |||
r-release-windows-x86_64 | 1.0.3 | 106.00 | 329.00 | 435.00 | NOTE | |
r-oldrel-macos-arm64 | 1.0.3 | 195.00 | NOTE | |||
r-oldrel-macos-x86_64 | 1.0.3 | 439.00 | NOTE | |||
r-oldrel-windows-x86_64 | 1.0.3 | 126.00 | 395.00 | 521.00 | NOTE |
Version: 1.0.3
Check: installed package size
Result: NOTE
installed size is 5.6Mb
sub-directories of 1Mb or more:
libs 4.4Mb
Flavors: r-devel-linux-x86_64-fedora-clang, r-devel-windows-x86_64, r-release-macos-arm64, r-release-macos-x86_64, r-release-windows-x86_64, r-oldrel-macos-arm64, r-oldrel-macos-x86_64, r-oldrel-windows-x86_64