CRAN Package Check Results for Package ppsr

Last updated on 2025-11-08 12:50:32 CET.

Flavor Version Tinstall Tcheck Ttotal Status Flags
r-devel-linux-x86_64-debian-clang 0.0.5 2.20 35.26 37.46 OK
r-devel-linux-x86_64-debian-gcc 0.0.5 1.80 27.24 29.04 OK
r-devel-linux-x86_64-fedora-clang 0.0.5 55.83 NOTE
r-devel-linux-x86_64-fedora-gcc 0.0.5 52.96 NOTE
r-devel-windows-x86_64 0.0.5 4.00 52.00 56.00 OK
r-patched-linux-x86_64 0.0.5 2.45 32.68 35.13 OK
r-release-linux-x86_64 0.0.5 2.19 32.92 35.11 OK
r-release-macos-arm64 0.0.5 1.00 21.00 22.00 OK
r-release-macos-x86_64 0.0.5 2.00 31.00 33.00 OK
r-release-windows-x86_64 0.0.5 3.00 51.00 54.00 OK
r-oldrel-macos-arm64 0.0.5 1.00 20.00 21.00 OK
r-oldrel-macos-x86_64 0.0.5 2.00 27.00 29.00 OK
r-oldrel-windows-x86_64 0.0.5 4.00 60.00 64.00 OK

Check Details

Version: 0.0.5
Check: dependencies in R code
Result: NOTE Namespaces in Imports field not imported from: ‘rpart’ ‘withr’ All declared Imports should be used. Flavors: r-devel-linux-x86_64-fedora-clang, r-devel-linux-x86_64-fedora-gcc