Last updated on 2024-08-16 12:49:16 CEST.
Flavor | Version | Tinstall | Tcheck | Ttotal | Status | Flags |
---|---|---|---|---|---|---|
r-devel-linux-x86_64-debian-clang | 0.8-36 | 12.32 | 85.14 | 97.46 | NOTE | |
r-devel-linux-x86_64-debian-gcc | 0.8-36 | 8.19 | 61.20 | 69.39 | NOTE | |
r-devel-linux-x86_64-fedora-clang | 0.8-36 | 152.92 | OK | |||
r-devel-linux-x86_64-fedora-gcc | 0.8-36 | 147.42 | OK | |||
r-devel-windows-x86_64 | 0.8-36 | 15.00 | 102.00 | 117.00 | NOTE | |
r-patched-linux-x86_64 | 0.8-36 | 14.74 | 79.88 | 94.62 | OK | |
r-release-linux-x86_64 | 0.8-36 | 11.50 | 80.93 | 92.43 | OK | |
r-release-macos-arm64 | 0.8-36 | 41.00 | OK | |||
r-release-macos-x86_64 | 0.8-36 | 79.00 | OK | |||
r-release-windows-x86_64 | 0.8-36 | 15.00 | 101.00 | 116.00 | OK | |
r-oldrel-macos-arm64 | 0.8-36 | 50.00 | OK | |||
r-oldrel-macos-x86_64 | 0.8-36 | 132.00 | OK | |||
r-oldrel-windows-x86_64 | 0.8-36 | 15.00 | 117.00 | 132.00 | OK |
Version: 0.8-36
Check: Rd cross-references
Result: NOTE
Found the following Rd file(s) with Rd \link{} targets missing package
anchors:
llbt.worth.Rd: gnm
Please provide package anchors for all Rd \link{} targets not in the
package itself and the base packages.
Flavors: r-devel-linux-x86_64-debian-clang, r-devel-linux-x86_64-debian-gcc, r-devel-windows-x86_64