Last updated on 2024-06-14 00:53:54 CEST.
Flavor | Version | Tinstall | Tcheck | Ttotal | Status | Flags |
---|---|---|---|---|---|---|
r-devel-linux-x86_64-debian-clang | 1.0.0 | 2.64 | 32.42 | 35.06 | OK | |
r-devel-linux-x86_64-debian-gcc | 1.0.0 | 1.91 | 23.35 | 25.26 | ERROR | |
r-devel-linux-x86_64-fedora-clang | 1.0.0 | 44.83 | OK | |||
r-devel-linux-x86_64-fedora-gcc | 1.0.0 | 54.33 | OK | |||
r-devel-windows-x86_64 | 1.0.0 | 3.00 | 48.00 | 51.00 | OK | |
r-patched-linux-x86_64 | 1.0.0 | 2.31 | 31.14 | 33.45 | OK | |
r-release-linux-x86_64 | 1.0.0 | 2.46 | 30.42 | 32.88 | OK | |
r-release-macos-arm64 | 1.0.0 | 24.00 | OK | |||
r-release-macos-x86_64 | 1.0.0 | 34.00 | OK | |||
r-release-windows-x86_64 | 1.0.0 | 3.00 | 49.00 | 52.00 | OK | |
r-oldrel-macos-arm64 | 1.0.0 | 26.00 | OK | |||
r-oldrel-macos-x86_64 | 1.0.0 | 55.00 | OK | |||
r-oldrel-windows-x86_64 | 1.0.0 | 2.00 | 46.00 | 48.00 | OK |
Version: 1.0.0
Check: package dependencies
Result: NOTE
Package suggested but not available for checking: ‘testthat’
Flavor: r-devel-linux-x86_64-debian-gcc
Version: 1.0.0
Check: tests
Result: ERROR
Running ‘testthat.R’ [0s/1s]
Running the tests in ‘tests/testthat.R’ failed.
Complete output:
> # This file is part of the standard setup for testthat.
> # It is recommended that you do not modify it.
> #
> # Where should you do additional test configuration?
> # Learn more about the roles of various files in:
> # * https://r-pkgs.org/testing-design.html#sec-tests-files-overview
> # * https://testthat.r-lib.org/articles/special-files.html
>
> library(testthat)
Error in library(testthat) : there is no package called 'testthat'
Execution halted
Flavor: r-devel-linux-x86_64-debian-gcc